{"id":100140,"date":"2022-01-13T13:22:32","date_gmt":"2022-01-13T12:22:32","guid":{"rendered":"https:\/\/hiphop4life.fr\/shop\/?post_type=product&#038;p=100140"},"modified":"2023-06-16T13:36:43","modified_gmt":"2023-06-16T11:36:43","slug":"mase-harlem-world-vinyle","status":"publish","type":"product","link":"https:\/\/hiphop4life.fr\/shop\/produit\/mase-harlem-world-vinyle\/","title":{"rendered":"Ma$e &#8211; Harlem World [Vinyle Bleu]"},"content":{"rendered":"<div class=\"wpb-content-wrapper\"><p>[vc_row][vc_column width=\u00a0\u00bb1\/1&Prime;][vc_single_image media=\u00a0\u00bb100141&Prime; media_width_percent=\u00a0\u00bb100&Prime; uncode_shortcode_id=\u00a0\u00bb506206&Prime;][vc_column_text uncode_shortcode_id=\u00a0\u00bb192821&Prime;]<iframe style=\"border-radius: 12px;\" src=\"https:\/\/open.spotify.com\/embed\/album\/21YtqAiqXNGuvWNBS0JvOy?utm_source=generator\" width=\"100%\" height=\"352\" frameborder=\"0\" allowfullscreen=\"allowfullscreen\"><\/iframe><\/p>\n<p><strong>Tracklist<\/strong><\/p>\n<p>SIDE A:<br \/>\n<em>Puff&rsquo;s Intro<br \/>\nDo You Wanna Get $? (feat. Puff Daddy)<br \/>\nTake What&rsquo;s Yours (feat. DMX)<br \/>\nMad Rapper (Interlude)<br \/>\nWill They Die 4 You? (feat. Puff Daddy &amp; Lil&rsquo; Kim)<br \/>\nLookin&rsquo; at Me (feat. Puff Daddy)<\/em><\/p>\n<p>SIDE B:<br \/>\n<em>White Girl (Interlude)<br \/>\nLove U So (feat. Billy Lawrence)<br \/>\nThe Player Way (feat. Eightball &amp; MJG)<br \/>\nHater (Interlude)<br \/>\nNiggaz Wanna Act (feat. Busta Rhymes)<br \/>\nVinyl Two<\/em><\/p>\n<p>SIDE C:<br \/>\n<em>Feel So Good<br \/>\nWhat You Want (feat. Total)<br \/>\nPhone Conversation (Interlude)<br \/>\nCheat on You (feat. Lil&rsquo; Cease &amp; Jay-Z)<br \/>\n24 Hrs. to Live (feat. The Lox, Black Rob &amp; DMX)<\/em><\/p>\n<p>SIDE D:<br \/>\n<em>Need to Be (feat. Monifah)<br \/>\nWatch Your Back (Interlude)<br \/>\nWanna Hurt Mase?<br \/>\nJealous Guy (feat. 112)<\/em>[\/vc_column_text][\/vc_column][\/vc_row]<\/p>\n<\/div>","protected":false},"excerpt":{"rendered":"<p><strong>Album :<\/strong> Harlem World<br \/>\n<strong>Artiste :<\/strong> Ma$e<br \/>\n<strong>Etat :<\/strong>\u00a0Neuf<br \/>\n<strong>Format :<\/strong>\u00a0Vinyle, 2 LP, Album<br \/>\n<strong>Label :<\/strong> Bad Boy Records<br \/>\n<strong>Edition :<\/strong> R\u00e9\u00e9dition 2022 &#8211; 25\u00e8me Anniversaire &#8211; Vinyle bleu transparent<br \/>\n<strong>Date de sortie :<\/strong> 1997<br \/>\n<strong>Genre :<\/strong> Hip-Hop \/ Rap US \/ East Coast \/ Golden Age<\/p>\n<div id=\"professor_prebid-root\"><\/div>\n","protected":false},"featured_media":100143,"comment_status":"open","ping_status":"closed","template":"","meta":{"om_disable_all_campaigns":false,"_monsterinsights_skip_tracking":false,"_monsterinsights_sitenote_active":false,"_monsterinsights_sitenote_note":"","_monsterinsights_sitenote_category":0},"product_brand":[],"product_cat":[6174,6171],"product_tag":[7350,5337,5339,9661,5325,11889,5326,7693,9089],"class_list":{"0":"post-100140","1":"product","2":"type-product","3":"status-publish","4":"has-post-thumbnail","6":"product_cat-east-coast","7":"product_cat-golden-age","8":"product_tag-diddy","9":"product_tag-east-coast","10":"product_tag-golden-age","11":"product_tag-harlem-world","12":"product_tag-hip-hop","13":"product_tag-mase","14":"product_tag-rap-us","15":"product_tag-reedition","16":"product_tag-vinyle-colore","17":"product_shipping_class-2-lp","19":"first","20":"instock","21":"taxable","22":"shipping-taxable","23":"purchasable","24":"product-type-simple"},"aioseo_notices":[],"_links":{"self":[{"href":"https:\/\/hiphop4life.fr\/shop\/wp-json\/wp\/v2\/product\/100140","targetHints":{"allow":["GET"]}}],"collection":[{"href":"https:\/\/hiphop4life.fr\/shop\/wp-json\/wp\/v2\/product"}],"about":[{"href":"https:\/\/hiphop4life.fr\/shop\/wp-json\/wp\/v2\/types\/product"}],"replies":[{"embeddable":true,"href":"https:\/\/hiphop4life.fr\/shop\/wp-json\/wp\/v2\/comments?post=100140"}],"wp:featuredmedia":[{"embeddable":true,"href":"https:\/\/hiphop4life.fr\/shop\/wp-json\/wp\/v2\/media\/100143"}],"wp:attachment":[{"href":"https:\/\/hiphop4life.fr\/shop\/wp-json\/wp\/v2\/media?parent=100140"}],"wp:term":[{"taxonomy":"product_brand","embeddable":true,"href":"https:\/\/hiphop4life.fr\/shop\/wp-json\/wp\/v2\/product_brand?post=100140"},{"taxonomy":"product_cat","embeddable":true,"href":"https:\/\/hiphop4life.fr\/shop\/wp-json\/wp\/v2\/product_cat?post=100140"},{"taxonomy":"product_tag","embeddable":true,"href":"https:\/\/hiphop4life.fr\/shop\/wp-json\/wp\/v2\/product_tag?post=100140"}],"curies":[{"name":"wp","href":"https:\/\/api.w.org\/{rel}","templated":true}]}}