{"id":69022,"date":"2016-01-10T13:00:18","date_gmt":"2016-01-10T12:00:18","guid":{"rendered":"http:\/\/hiphop4life.fr\/shop\/produit\/illmatic-vinyle\/"},"modified":"2023-09-20T11:24:04","modified_gmt":"2023-09-20T09:24:04","slug":"nas-illmatic-vinyle","status":"publish","type":"product","link":"https:\/\/hiphop4life.fr\/shop\/produit\/nas-illmatic-vinyle\/","title":{"rendered":"Nas &#8211; Illmatic [Vinyle]"},"content":{"rendered":"<div class=\"wpb-content-wrapper\"><p>[vc_row][vc_column width=\u00a0\u00bb1\/1&Prime;][vc_column_text]<em>Illmatic<\/em> est la bible du rap, pour beaucoup le meilleur album du genre, la perfection en 10 morceaux, un chef d&rsquo;\u0153uvre sorti de la plume\u00a0d&rsquo;un jeune rappeur de 19 ans.<br \/>\nQueens Bridge au centre de la toile, po\u00e9sie et contes de rue subliment les p\u00e9pites\u00a0des meilleurs beatmakers du game : de DJ Premier \u00e0 Pete Rock en passant par Large Professor et Q-Tip.<br \/>\n<em>Illmatic<\/em> est tellement bon qu&rsquo;il sera une b\u00e9n\u00e9diction et une mal\u00e9diction pour la carri\u00e8re de Nas, \u00e0 jamais\u00a0consid\u00e9r\u00e9 comme un rappeur \u00e0 part,\u00a0il portera le poids de cette montagne impossible \u00e0\u00a0gravir une 2\u00e8me fois.<\/p>\n<p><em>\u00ab\u00a0I never sleep, \u2018cause sleep is the cousin of death<\/em><br \/>\n<em>Beyond the walls of intelligence, life is defined<\/em><br \/>\n<em>I think of crime when I&rsquo;m in a New York state of mind\u00a0\u00bb<\/em><\/p>\n\n<p><strong>Tracklist<\/strong><\/p>\n<p><em>1. The Genesis<\/em><br \/>\n<em>2. N.Y. State of Mind<\/em><br \/>\n<em>3. Life&rsquo;s a Bitch (Ft. AZ)<\/em><br \/>\n<em>4. The World Is Yours (Ft. Pete Rock)<\/em><br \/>\n<em>5. Halftime<\/em><br \/>\n<em>6. Memory Lane (Sittin&rsquo; in da Park)<\/em><br \/>\n<em>7. One Love (Ft. Q-Tip)<\/em><br \/>\n<em>8. One Time 4 Your Mind<\/em><br \/>\n<em>9. Represent<\/em><br \/>\n<em>10. It Ain&rsquo;t Hard to Tell<\/em>[\/vc_column_text][\/vc_column][\/vc_row]<\/p>\n<\/div>","protected":false},"excerpt":{"rendered":"<p><strong>Album :<\/strong>\u00a0Illmatic<br \/>\n<strong>Artiste :<\/strong>\u00a0Nas<br \/>\n<strong>Etat :<\/strong>\u00a0Neuf<br \/>\n<strong>Format :<\/strong>\u00a0Vinyle, LP, Album<br \/>\n<strong>Label :<\/strong>\u00a0Columbia<br \/>\n<strong>Edition :<\/strong> Originale<br \/>\n<strong>Date de sortie :<\/strong>\u00a01994<br \/>\n<strong>Genre :<\/strong>\u00a0Hip-Hop \/ Rap US \/\u00a0East Coast<\/p>\n","protected":false},"featured_media":69023,"comment_status":"open","ping_status":"closed","template":"","meta":{"om_disable_all_campaigns":false,"_monsterinsights_skip_tracking":false,"_monsterinsights_sitenote_active":false,"_monsterinsights_sitenote_note":"","_monsterinsights_sitenote_category":0},"product_brand":[],"product_cat":[6174,6171],"product_tag":[5337,5339,5325,5336,5335,7701,5326],"class_list":{"0":"post-69022","1":"product","2":"type-product","3":"status-publish","4":"has-post-thumbnail","6":"product_cat-east-coast","7":"product_cat-golden-age","8":"product_tag-east-coast","9":"product_tag-golden-age","10":"product_tag-hip-hop","11":"product_tag-illmatic","12":"product_tag-nas","13":"product_tag-original","14":"product_tag-rap-us","15":"product_shipping_class-lp","17":"first","18":"outofstock","19":"taxable","20":"shipping-taxable","21":"purchasable","22":"product-type-simple"},"aioseo_notices":[],"_links":{"self":[{"href":"https:\/\/hiphop4life.fr\/shop\/wp-json\/wp\/v2\/product\/69022","targetHints":{"allow":["GET"]}}],"collection":[{"href":"https:\/\/hiphop4life.fr\/shop\/wp-json\/wp\/v2\/product"}],"about":[{"href":"https:\/\/hiphop4life.fr\/shop\/wp-json\/wp\/v2\/types\/product"}],"replies":[{"embeddable":true,"href":"https:\/\/hiphop4life.fr\/shop\/wp-json\/wp\/v2\/comments?post=69022"}],"wp:featuredmedia":[{"embeddable":true,"href":"https:\/\/hiphop4life.fr\/shop\/wp-json\/wp\/v2\/media\/69023"}],"wp:attachment":[{"href":"https:\/\/hiphop4life.fr\/shop\/wp-json\/wp\/v2\/media?parent=69022"}],"wp:term":[{"taxonomy":"product_brand","embeddable":true,"href":"https:\/\/hiphop4life.fr\/shop\/wp-json\/wp\/v2\/product_brand?post=69022"},{"taxonomy":"product_cat","embeddable":true,"href":"https:\/\/hiphop4life.fr\/shop\/wp-json\/wp\/v2\/product_cat?post=69022"},{"taxonomy":"product_tag","embeddable":true,"href":"https:\/\/hiphop4life.fr\/shop\/wp-json\/wp\/v2\/product_tag?post=69022"}],"curies":[{"name":"wp","href":"https:\/\/api.w.org\/{rel}","templated":true}]}}