{"id":69032,"date":"2016-03-18T04:26:21","date_gmt":"2016-03-18T03:26:21","guid":{"rendered":"http:\/\/hiphop4life.fr\/shop\/produit\/common-resurrection-vinyle\/"},"modified":"2022-10-03T15:51:03","modified_gmt":"2022-10-03T13:51:03","slug":"common-resurrection-vinyle","status":"publish","type":"product","link":"https:\/\/hiphop4life.fr\/shop\/produit\/common-resurrection-vinyle\/","title":{"rendered":"Common &#8211; Resurrection [Vinyle]"},"content":{"rendered":"<div class=\"wpb-content-wrapper\"><p>[vc_row][vc_column width=\u00a0\u00bb1\/1&Prime;][vc_column_text]Po\u00e8te et lyriciste de Chicago, dans la m\u00eame veine que Nas ou Mos Def, Common\u00a0a donn\u00e9 ses lettres de noblesse au rap conscient, son alchimie avec\u00a0No I.D. complimente la beaut\u00e9 de sa plume\u00a0et a donn\u00e9 naissance \u00e0 de nombreux classiques dont un des plus beaux morceaux jamais \u00e9crits, une d\u00e9claration d&rsquo;amour au hip-hop :\u00a0<em>I Used to love H.E.R.<\/em>[\/vc_column_text][vc_single_image media=\u00a0\u00bb72444&Prime; media_width_percent=\u00a0\u00bb100&Prime;][vc_column_text]<iframe src=\"https:\/\/embed.spotify.com\/?uri=spotify%3Aalbum%3A0JKjuvDUPrnlblAZyB1Aje\" width=\"300\" height=\"380\" frameborder=\"0\"><\/iframe><\/p>\n<p><strong>Tracklist<\/strong><\/p>\n<p><em>1. Resurrection <\/em><br \/>\n<em>2. I Used to Love H.E.R. <\/em><br \/>\n<em>3. Watermelon<\/em><br \/>\n<em>4. Book of Life<\/em><br \/>\n<em>5. In My Own World (Check the Method)<\/em><br \/>\n<em>6. Another Wasted Nite With&#8230;<\/em><br \/>\n<em>7. Nuthin&rsquo; to Do<\/em><br \/>\n<em>8. Communism<\/em><br \/>\n<em>9. WMOE<\/em><br \/>\n<em>10. Thisisme<\/em><br \/>\n<em>11. Orange Pineapple Juice<\/em><br \/>\n<em>12. Chapter 13 (Rich Man Vs. Poor Man)<\/em><br \/>\n<em>13. Maintaining<\/em><br \/>\n<em>14. Sum Shit I Wrote<\/em><br \/>\n<em>15. Pop&rsquo;s Rap<\/em><\/p>\n<p>Le dernier album de <strong>Common<\/strong>, <strong>Black America Again<\/strong>, est \u00e0 \u00e9couter sur Hip-Hop 4 Life <a href=\"http:\/\/hiphop4life.fr\/news\/common-black-america-again-album-stream\/\">ici<\/a>.<em><br \/>\n<\/em>[\/vc_column_text][\/vc_column][\/vc_row]<\/p>\n<\/div>","protected":false},"excerpt":{"rendered":"<p><strong>Album :<\/strong>\u00a0Resurrection<br \/>\n<strong>Artiste :<\/strong>\u00a0Common<br \/>\n<strong>Etat :<\/strong>\u00a0Neuf<br \/>\n<strong>Format :<\/strong>\u00a0Vinyle, LP, Album<br \/>\n<strong>Label :<\/strong>\u00a0Relativity<br \/>\n<strong>Edition :<\/strong> Originale<br \/>\n<strong>Date de sortie :<\/strong>\u00a01994<br \/>\n<strong>Genre :<\/strong>\u00a0Hip-Hop \/ Rap US \/\u00a0Rap Conscient\u00a0\/ Jazz Rap<\/p>\n","protected":false},"featured_media":69033,"comment_status":"open","ping_status":"closed","template":"","meta":{"om_disable_all_campaigns":false,"_monsterinsights_skip_tracking":false,"_monsterinsights_sitenote_active":false,"_monsterinsights_sitenote_note":"","_monsterinsights_sitenote_category":0},"product_brand":[],"product_cat":[6171,6177],"product_tag":[6127,6133,5339,5325,6131,7701,5361,5326,6135],"class_list":{"0":"post-69032","1":"product","2":"type-product","3":"status-publish","4":"has-post-thumbnail","6":"product_cat-golden-age","7":"product_cat-midwest","8":"product_tag-chicago","9":"product_tag-common","10":"product_tag-golden-age","11":"product_tag-hip-hop","12":"product_tag-jazz-rap","13":"product_tag-original","14":"product_tag-rap-conscient","15":"product_tag-rap-us","16":"product_tag-resurrection","17":"product_shipping_class-lp","19":"first","20":"outofstock","21":"taxable","22":"shipping-taxable","23":"purchasable","24":"product-type-simple"},"aioseo_notices":[],"_links":{"self":[{"href":"https:\/\/hiphop4life.fr\/shop\/wp-json\/wp\/v2\/product\/69032","targetHints":{"allow":["GET"]}}],"collection":[{"href":"https:\/\/hiphop4life.fr\/shop\/wp-json\/wp\/v2\/product"}],"about":[{"href":"https:\/\/hiphop4life.fr\/shop\/wp-json\/wp\/v2\/types\/product"}],"replies":[{"embeddable":true,"href":"https:\/\/hiphop4life.fr\/shop\/wp-json\/wp\/v2\/comments?post=69032"}],"wp:featuredmedia":[{"embeddable":true,"href":"https:\/\/hiphop4life.fr\/shop\/wp-json\/wp\/v2\/media\/69033"}],"wp:attachment":[{"href":"https:\/\/hiphop4life.fr\/shop\/wp-json\/wp\/v2\/media?parent=69032"}],"wp:term":[{"taxonomy":"product_brand","embeddable":true,"href":"https:\/\/hiphop4life.fr\/shop\/wp-json\/wp\/v2\/product_brand?post=69032"},{"taxonomy":"product_cat","embeddable":true,"href":"https:\/\/hiphop4life.fr\/shop\/wp-json\/wp\/v2\/product_cat?post=69032"},{"taxonomy":"product_tag","embeddable":true,"href":"https:\/\/hiphop4life.fr\/shop\/wp-json\/wp\/v2\/product_tag?post=69032"}],"curies":[{"name":"wp","href":"https:\/\/api.w.org\/{rel}","templated":true}]}}