{"id":69040,"date":"2016-03-18T05:01:59","date_gmt":"2016-03-18T04:01:59","guid":{"rendered":"http:\/\/hiphop4life.fr\/shop\/produit\/dangelo-black-messiah-vinyle\/"},"modified":"2022-01-17T16:17:16","modified_gmt":"2022-01-17T15:17:16","slug":"dangelo-black-messiah-vinyle","status":"publish","type":"product","link":"https:\/\/hiphop4life.fr\/shop\/produit\/dangelo-black-messiah-vinyle\/","title":{"rendered":"D&rsquo;Angelo &#8211; Black Messiah [Vinyle]"},"content":{"rendered":"<div class=\"wpb-content-wrapper\"><p>[vc_row][vc_column width=\u00a0\u00bb1\/1&Prime;][vc_column_text]Le retour inesp\u00e9r\u00e9 du prince de la Soul\u00a0apr\u00e8s des ann\u00e9es de gal\u00e8re entre d\u00e9pression et embrouilles avec son label.<br \/>\nD&rsquo;Angelo est un artiste comme il en existe peu, un petit g\u00e9nie de la musique qui aurait m\u00e9rit\u00e9 une toute autre carri\u00e8re, stopp\u00e9e dans son ascension apr\u00e8s les deux bijoux <a href=\"http:\/\/hiphop4life.fr\/shop\/produit\/dangelo-brown-sugar-vinyle\/\"><em>Brown Sugar<\/em><\/a> et <a href=\"http:\/\/hiphop4life.fr\/shop\/produit\/dangelo-voodoo-vinyle\/\"><em>Voodoo<\/em><\/a>.<br \/>\nOn a d\u00fb patienter 14 longues ann\u00e9es avant d&rsquo;\u00eatre \u00e9bloui\u00a0\u00e0 nouveau par le talent du\u00a0<em>Black Messiah<\/em>.[\/vc_column_text][vc_single_image media=\u00a0\u00bb69333&Prime; media_width_percent=\u00a0\u00bb100&Prime;][vc_column_text]<\/p>\n<p><iframe src=\"https:\/\/embed.spotify.com\/?uri=spotify%3Aalbum%3A5Hfbag0SsHxafx1SySFSX6\" width=\"300\" height=\"380\" frameborder=\"0\"><\/iframe><\/p>\n<p><strong>Tracklist<\/strong><\/p>\n<p><em>1. Ain&rsquo;t That Easy <\/em><br \/>\n<em>2. 1000 Deaths <\/em><br \/>\n<em>3. The Charade <\/em><br \/>\n<em>4. Sugah Daddy<\/em><br \/>\n<em>5. Really Love <\/em><br \/>\n<em>6. Back to the Future (Part I)<\/em><br \/>\n<em>7. Till It&rsquo;s Done (Tutu) <\/em><br \/>\n<em>8. Prayer<\/em><br \/>\n<em>9. Betray My Heart<\/em><br \/>\n<em>10. The Door <\/em><br \/>\n<em>11. Back to the Future (Part II)<\/em><br \/>\n<em>12. Another Life<\/em>[\/vc_column_text][\/vc_column][\/vc_row]<\/p>\n<\/div>","protected":false},"excerpt":{"rendered":"<p><strong>Album :<\/strong>\u00a0Black Messiah<br \/>\n<strong>Artiste :<\/strong>\u00a0D&rsquo;Angelo &amp; The Vanguard<br \/>\n<strong>Etat :<\/strong>\u00a0Neuf<br \/>\n<strong>Format :<\/strong>\u00a0Vinyle, 2 LP, Album<br \/>\n<strong>Label :<\/strong>\u00a0RCA<br \/>\n<strong>Edition :<\/strong> Originale<br \/>\n<strong>Date de sortie :<\/strong>\u00a02014<br \/>\n<strong>Genre :<\/strong>\u00a0Soul \/ Funk\u00a0\/ R&amp;B\u00a0\/\u00a0Rock<\/p>\n","protected":false},"featured_media":69041,"comment_status":"open","ping_status":"closed","template":"","meta":{"om_disable_all_campaigns":false,"_monsterinsights_skip_tracking":false,"_monsterinsights_sitenote_active":false,"_monsterinsights_sitenote_note":"","_monsterinsights_sitenote_category":0},"product_brand":[],"product_cat":[6179],"product_tag":[5377,5375,5873,7701,5347,5380,5378,5376],"class_list":{"0":"post-69040","1":"product","2":"type-product","3":"status-publish","4":"has-post-thumbnail","6":"product_cat-soul-rnb","7":"product_tag-black-messiah","8":"product_tag-dangelo","9":"product_tag-funk","10":"product_tag-original","11":"product_tag-r-n-b","12":"product_tag-rock","13":"product_tag-soul","14":"product_tag-the-vanguard","15":"product_shipping_class-2-lp","17":"first","18":"outofstock","19":"taxable","20":"shipping-taxable","21":"purchasable","22":"product-type-simple"},"aioseo_notices":[],"_links":{"self":[{"href":"https:\/\/hiphop4life.fr\/shop\/wp-json\/wp\/v2\/product\/69040","targetHints":{"allow":["GET"]}}],"collection":[{"href":"https:\/\/hiphop4life.fr\/shop\/wp-json\/wp\/v2\/product"}],"about":[{"href":"https:\/\/hiphop4life.fr\/shop\/wp-json\/wp\/v2\/types\/product"}],"replies":[{"embeddable":true,"href":"https:\/\/hiphop4life.fr\/shop\/wp-json\/wp\/v2\/comments?post=69040"}],"wp:featuredmedia":[{"embeddable":true,"href":"https:\/\/hiphop4life.fr\/shop\/wp-json\/wp\/v2\/media\/69041"}],"wp:attachment":[{"href":"https:\/\/hiphop4life.fr\/shop\/wp-json\/wp\/v2\/media?parent=69040"}],"wp:term":[{"taxonomy":"product_brand","embeddable":true,"href":"https:\/\/hiphop4life.fr\/shop\/wp-json\/wp\/v2\/product_brand?post=69040"},{"taxonomy":"product_cat","embeddable":true,"href":"https:\/\/hiphop4life.fr\/shop\/wp-json\/wp\/v2\/product_cat?post=69040"},{"taxonomy":"product_tag","embeddable":true,"href":"https:\/\/hiphop4life.fr\/shop\/wp-json\/wp\/v2\/product_tag?post=69040"}],"curies":[{"name":"wp","href":"https:\/\/api.w.org\/{rel}","templated":true}]}}