{"id":69044,"date":"2020-11-07T12:00:13","date_gmt":"2020-11-07T11:00:13","guid":{"rendered":"http:\/\/hiphop4life.fr\/shop\/produit\/nwa-straight-outta-compton-vinyle\/"},"modified":"2026-01-24T22:48:25","modified_gmt":"2026-01-24T21:48:25","slug":"nwa-straight-outta-compton-vinyle","status":"publish","type":"product","link":"https:\/\/hiphop4life.fr\/shop\/produit\/nwa-straight-outta-compton-vinyle\/","title":{"rendered":"NWA &#8211; Straight Outta Compton [Vinyle]"},"content":{"rendered":"<div class=\"wpb-content-wrapper\"><p>[vc_row][vc_column width=\u00a0\u00bb1\/1&Prime;][vc_column_text]On ne pr\u00e9sente plus le groupe le plus dangereux du monde, Dr. Dre, Ice Cube, Eazy-E, MC Ren, Arabian Prince\u00a0et DJ Yella ont grav\u00e9 au fer rouge Compton sur la carte du rap, pionniers du Gangsta Rap, ils ont traumatis\u00e9 les Etats-Unis avec l&rsquo;explicite\u00a0<em>Fuck Tha Police<\/em>.<br \/>\nIls ont influenc\u00e9 plusieurs g\u00e9n\u00e9rations de rappeurs de Pac \u00e0 Snoop en passant par The Game ou encore Kendrick Lamar.<br \/>\nLes salves microphoniques des l\u00e9gendes Ice Cube et Eazy-E n&rsquo;avaient d&rsquo;\u00e9gal que la puissance des beats brutes et chaotiques du jeune Dr. Dre.[\/vc_column_text][vc_single_image media=\u00a0\u00bb69336&Prime; media_width_percent=\u00a0\u00bb100&Prime;][vc_column_text]<iframe src=\"https:\/\/embed.spotify.com\/?uri=spotify%3Aalbum%3A0Y7qkJVZ06tS2GUCDptzyW\" width=\"300\" height=\"380\" frameborder=\"0\"><span data-mce-type=\"bookmark\" style=\"display: inline-block; width: 0px; overflow: hidden; line-height: 0;\" class=\"mce_SELRES_start\">\ufeff<\/span><\/iframe><\/p>\n<p><strong>Tracklist<\/strong><\/p>\n<p><em>1. Straight Outta Compton <\/em><br \/>\n<em>2. Fuck tha Police <\/em><br \/>\n<em>3. Gangsta Gangsta<\/em><br \/>\n<em>4. If It Ain&rsquo;t Ruff<\/em><br \/>\n<em>5. Parental Discretion Iz Advised<\/em><br \/>\n<em>6. 8 Ball (Remix)<\/em><br \/>\n<em>7. Something Like That<\/em><br \/>\n<em>8. Express Yourself<\/em><br \/>\n<em>9. Compton&rsquo;s n the House (Remix)<\/em><br \/>\n<em>10. I Ain&rsquo;t tha One<\/em><br \/>\n<em>11. Dopeman\u00a0(Remix)<\/em><br \/>\n<em>12. Quiet on tha Set<\/em><br \/>\n<em>13. Something 2 Dance 2<\/em><\/p>\n<p>Les\u00a0meilleurs sons <strong>West Coast<\/strong>\u00a0\u00e0 retrouver dans la playlist <a href=\"http:\/\/hiphop4life.fr\/chroniques\/playlists\/\">2 Live N Die In L.A.<br \/>\n<\/a><\/p>\n<p>La chronique du dernier album de <strong>Dr. Dre<\/strong>, <em><strong>Compton<\/strong><\/em>, est \u00e0 lire sur Hip-Hop 4 Life <a href=\"http:\/\/hiphop4life.fr\/chroniques\/dr-dre-compton-chronique\/\">ici<\/a>.<\/p>\n<p><em>\u00a0<\/em>[\/vc_column_text][\/vc_column][\/vc_row]<\/p>\n<\/div>","protected":false},"excerpt":{"rendered":"<p><strong>Album :<\/strong>\u00a0Straight Outta Compton<br \/>\n<strong>Artiste :<\/strong>\u00a0NWA &#8211; Dr. Dre \/ Ice Cube \/ Eazy-E \/ Dj Yella \/ MC Ren<br \/>\n<strong>Etat :<\/strong>\u00a0Neuf<br \/>\n<strong>Format :<\/strong>\u00a0Vinyle, LP, Album<br \/>\n<strong>Label :<\/strong>\u00a0Ruthless Records<br \/>\n<strong>Edition :<\/strong> R\u00e9\u00e9dition 2013 \u00ab\u00a0Back To Black\u00a0\u00bb &#8211; 180g Audiophile<br \/>\n<strong>Date de sortie :<\/strong>\u00a01988<br \/>\n<strong>Genre :<\/strong>\u00a0Hip-Hop \/ Rap US \/ Gangsta Rap \/\u00a0West\u00a0Coast \/ Hardcore<\/p>\n","protected":false},"featured_media":69045,"comment_status":"open","ping_status":"closed","template":"","meta":{"om_disable_all_campaigns":false,"_monsterinsights_skip_tracking":false,"_monsterinsights_sitenote_active":false,"_monsterinsights_sitenote_note":"","_monsterinsights_sitenote_category":0},"product_brand":[],"product_cat":[6171,6175],"product_tag":[7705,5344,5386,6110,5339,5871,5325,5385,5383,5326,7693,5384,5328],"class_list":{"0":"post-69044","1":"product","2":"type-product","3":"status-publish","4":"has-post-thumbnail","6":"product_cat-golden-age","7":"product_cat-west-coast","8":"product_tag-180g","9":"product_tag-dr-dre","10":"product_tag-eazy-e","11":"product_tag-gangsta-rap","12":"product_tag-golden-age","13":"product_tag-hardcore","14":"product_tag-hip-hop","15":"product_tag-ice-cube","16":"product_tag-nwa","17":"product_tag-rap-us","18":"product_tag-reedition","19":"product_tag-straight-outta-compton","20":"product_tag-west-coast","21":"product_shipping_class-lp","23":"first","24":"instock","25":"taxable","26":"shipping-taxable","27":"purchasable","28":"product-type-simple"},"aioseo_notices":[],"_links":{"self":[{"href":"https:\/\/hiphop4life.fr\/shop\/wp-json\/wp\/v2\/product\/69044","targetHints":{"allow":["GET"]}}],"collection":[{"href":"https:\/\/hiphop4life.fr\/shop\/wp-json\/wp\/v2\/product"}],"about":[{"href":"https:\/\/hiphop4life.fr\/shop\/wp-json\/wp\/v2\/types\/product"}],"replies":[{"embeddable":true,"href":"https:\/\/hiphop4life.fr\/shop\/wp-json\/wp\/v2\/comments?post=69044"}],"wp:featuredmedia":[{"embeddable":true,"href":"https:\/\/hiphop4life.fr\/shop\/wp-json\/wp\/v2\/media\/69045"}],"wp:attachment":[{"href":"https:\/\/hiphop4life.fr\/shop\/wp-json\/wp\/v2\/media?parent=69044"}],"wp:term":[{"taxonomy":"product_brand","embeddable":true,"href":"https:\/\/hiphop4life.fr\/shop\/wp-json\/wp\/v2\/product_brand?post=69044"},{"taxonomy":"product_cat","embeddable":true,"href":"https:\/\/hiphop4life.fr\/shop\/wp-json\/wp\/v2\/product_cat?post=69044"},{"taxonomy":"product_tag","embeddable":true,"href":"https:\/\/hiphop4life.fr\/shop\/wp-json\/wp\/v2\/product_tag?post=69044"}],"curies":[{"name":"wp","href":"https:\/\/api.w.org\/{rel}","templated":true}]}}