{"id":69306,"date":"2016-01-11T09:14:37","date_gmt":"2016-01-11T08:14:37","guid":{"rendered":"http:\/\/hiphop4life.fr\/shop\/produit\/asap-rocky-at-long-last-asap-vinyle\/"},"modified":"2023-03-02T11:53:33","modified_gmt":"2023-03-02T10:53:33","slug":"asap-rocky-at-long-last-asap-vinyle","status":"publish","type":"product","link":"https:\/\/hiphop4life.fr\/shop\/produit\/asap-rocky-at-long-last-asap-vinyle\/","title":{"rendered":"A$AP Rocky &#8211; AT.LONG.LAST.A$AP [Vinyle]"},"content":{"rendered":"<div class=\"wpb-content-wrapper\"><p>[vc_row][vc_column width=\u00a0\u00bb1\/1&Prime;][vc_column_text]Moderne, \u00e9clectique et idole de la nouvelle g\u00e9n\u00e9ration, Pretty Flacko change de style comme de slim, on passe d&rsquo;un trip rock sous <em>L$D<\/em>\u00a0au rap m\u00e9lancolique de <em>Canal St.<\/em> en passant par le jukebox vintage de Kanye West et\u00a0la pop calibr\u00e9e de\u00a0Mark Ronson.<br \/>\nDerri\u00e8re sa gueule d&rsquo;ange et ses dents en or, A$ap Rocky est un artiste aux multiples\u00a0facettes qui interpelle sans pour autant convaincre.<br \/>\nLa cover color\u00e9e hommage \u00e0 A$ap Yams est une raison de plus de poss\u00e9der cet album en vinyle.[\/vc_column_text][vc_single_image media=\u00a0\u00bb69343&Prime; media_width_percent=\u00a0\u00bb100&Prime;][vc_column_text]<iframe src=\"https:\/\/embed.spotify.com\/?uri=spotify%3Aalbum%3A3arNdjotCvtiiLFfjKngMc\" width=\"300\" height=\"380\" frameborder=\"0\"><\/iframe><\/p>\n<p><strong>Tracklist<\/strong><\/p>\n<p><em>1. Holy Ghost (Ft. Joe Fox)<\/em><br \/>\n<em>2. Canal St. (Ft. Bones)<\/em><br \/>\n<em>3. Fine Whine (Ft. Future, Joe Fox &amp; M.I.A.)<\/em><br \/>\n<em>4. L$D<\/em><br \/>\n<em>5. Excuse Me<\/em><br \/>\n<em>6. JD<\/em><br \/>\n<em>7. Lord Pretty Flacko Jodye 2<\/em><br \/>\n<em>8. Electric Body (Ft. ScHoolBoy Q)<\/em><br \/>\n<em>9. Jukebox Joints (Ft. Joe Fox &amp; Kanye West)<\/em><br \/>\n<em>10. Max B (Ft. Joe Fox)<\/em><br \/>\n<em>11. Pharsyde (Ft. Joe Fox)<\/em><br \/>\n<em>12. Wavybone (Ft. Juicy J &amp; UGK)<\/em><br \/>\n<em>13. Westside Highway (Ft. James Fauntleroy)<\/em><br \/>\n<em>14. Better Things<\/em><br \/>\n<em>15. M&rsquo;$ (Ft. Lil Wayne)<\/em><br \/>\n<em>16. Dreams (Interlude)<\/em><br \/>\n<em>17. Everyday (Ft. Rod Stewart, Miguel &amp; Mark Ronson)<\/em><br \/>\n<em>18. Back Home (Ft. Mos Def, Acyde &amp; A$AP Yams)<\/em><\/p>\n<p>La derni\u00e8re mixtape du A$ap Mob, le crew d&rsquo;A$ap Rocky, <em>Cozy Tape Vol. 1<\/em> est \u00e0 \u00e9couter sur Hip-Hop 4 Life\u00a0<a href=\"http:\/\/hiphop4life.fr\/news\/aap-mob-cozy-tape-vol-1-album-stream\/\">ici<\/a>.[\/vc_column_text][\/vc_column][\/vc_row]<\/p>\n<\/div>","protected":false},"excerpt":{"rendered":"<p><strong>Album :<\/strong>\u00a0AT.LONG.LAST.A$AP<br \/>\n<strong>Artiste :<\/strong>\u00a0A$AP Rocky<br \/>\n<strong>Etat :<\/strong>\u00a0Neuf<br \/>\n<strong>Format :<\/strong>\u00a0Vinyle, 2 LP, Album<br \/>\n<strong>Label :<\/strong>\u00a0RCA Records<br \/>\n<strong>Edition :<\/strong> Originale<br \/>\n<strong>Date de sortie :<\/strong>\u00a02015<br \/>\n<strong>Genre :<\/strong>\u00a0Hip-Hop \/ Rap US<\/p>\n","protected":false},"featured_media":69307,"comment_status":"open","ping_status":"closed","template":"","meta":{"om_disable_all_campaigns":false,"_monsterinsights_skip_tracking":false,"_monsterinsights_sitenote_active":false,"_monsterinsights_sitenote_note":"","_monsterinsights_sitenote_category":0},"product_brand":[],"product_cat":[6174,9206],"product_tag":[5403,5401,5402,5325,5855,7701,5326],"class_list":{"0":"post-69306","1":"product","2":"type-product","3":"status-publish","4":"has-post-thumbnail","6":"product_cat-east-coast","7":"product_cat-new-school","8":"product_tag-asap-mob","9":"product_tag-asap-rocky","10":"product_tag-at-long-live-asap","11":"product_tag-hip-hop","12":"product_tag-new-school","13":"product_tag-original","14":"product_tag-rap-us","15":"product_shipping_class-2-lp","17":"first","18":"outofstock","19":"taxable","20":"shipping-taxable","21":"purchasable","22":"product-type-simple"},"aioseo_notices":[],"_links":{"self":[{"href":"https:\/\/hiphop4life.fr\/shop\/wp-json\/wp\/v2\/product\/69306","targetHints":{"allow":["GET"]}}],"collection":[{"href":"https:\/\/hiphop4life.fr\/shop\/wp-json\/wp\/v2\/product"}],"about":[{"href":"https:\/\/hiphop4life.fr\/shop\/wp-json\/wp\/v2\/types\/product"}],"replies":[{"embeddable":true,"href":"https:\/\/hiphop4life.fr\/shop\/wp-json\/wp\/v2\/comments?post=69306"}],"wp:featuredmedia":[{"embeddable":true,"href":"https:\/\/hiphop4life.fr\/shop\/wp-json\/wp\/v2\/media\/69307"}],"wp:attachment":[{"href":"https:\/\/hiphop4life.fr\/shop\/wp-json\/wp\/v2\/media?parent=69306"}],"wp:term":[{"taxonomy":"product_brand","embeddable":true,"href":"https:\/\/hiphop4life.fr\/shop\/wp-json\/wp\/v2\/product_brand?post=69306"},{"taxonomy":"product_cat","embeddable":true,"href":"https:\/\/hiphop4life.fr\/shop\/wp-json\/wp\/v2\/product_cat?post=69306"},{"taxonomy":"product_tag","embeddable":true,"href":"https:\/\/hiphop4life.fr\/shop\/wp-json\/wp\/v2\/product_tag?post=69306"}],"curies":[{"name":"wp","href":"https:\/\/api.w.org\/{rel}","templated":true}]}}