{"id":69361,"date":"2016-01-14T15:44:09","date_gmt":"2016-01-14T14:44:09","guid":{"rendered":"http:\/\/hiphop4life.fr\/shop\/produit\/dangelo-brown-sugar-vinyle\/"},"modified":"2023-12-04T09:50:48","modified_gmt":"2023-12-04T08:50:48","slug":"dangelo-brown-sugar-vinyle","status":"publish","type":"product","link":"https:\/\/hiphop4life.fr\/shop\/produit\/dangelo-brown-sugar-vinyle\/","title":{"rendered":"D&rsquo;Angelo &#8211; Brown Sugar [Vinyle]"},"content":{"rendered":"<div class=\"wpb-content-wrapper\"><p>[vc_row][vc_column width=\u00a0\u00bb1\/1&Prime;][vc_column_text]Album fondateur de la Neo-Soul, tamis\u00e9, sensuel, obs\u00e9dant, ce 1er bijou brillamment produit et port\u00e9 par une\u00a0voix au timbre inoubliable c\u00e9l\u00e8bre\u00a0la naissance d&rsquo;un artiste surdou\u00e9, D&rsquo;Angelo.<br \/>\nUn soup\u00e7on de Prince, une pointe de Stevie Wonder, le groove de James Brown, le charme vintage\u00a0de\u00a0Sly &amp; the Family Stone, mets tout \u00e7a dans un mixeur pour obtenir\u00a0le sublime <em>Brown Sugar<\/em>.[\/vc_column_text][vc_single_image media=\u00a0\u00bb69362&Prime; media_width_percent=\u00a0\u00bb100&Prime;][vc_column_text]<iframe src=\"https:\/\/embed.spotify.com\/?uri=spotify%3Aalbum%3A0sfW72nWa4oqoqbKhdtrE3\" width=\"300\" height=\"380\" frameborder=\"0\"><\/iframe><\/p>\n<p><strong>Tracklist<\/strong><\/p>\n<p><em>1. Brown Sugar<\/em><br \/>\n<em>2. Alright<\/em><br \/>\n<em>3. Jonz in My Bonz<\/em><br \/>\n<em>4. Me and Those Dreamin&rsquo; Eyes of Mine<\/em><br \/>\n<em>5. Shit, Damn, Motherfucker<\/em><br \/>\n<em>6. Smooth<\/em><br \/>\n<em>7. Cruisin&rsquo;<\/em><br \/>\n<em>8. When We Get By<\/em><br \/>\n<em>9. Lady<\/em><br \/>\n<em>10. Higher<\/em><\/p>\n<p>Le dernier album de <strong>D&rsquo;Angelo<\/strong>, <strong>Black Messiah<\/strong>, est \u00e0 \u00e9couter sur Hip-Hop 4 Life <a href=\"http:\/\/hiphop4life.fr\/news\/dangelo-black-messiah-album-stream\/\">ici<\/a>.<em><br \/>\n<\/em>[\/vc_column_text][\/vc_column][\/vc_row]<\/p>\n<\/div>","protected":false},"excerpt":{"rendered":"<p><strong>Album :<\/strong>\u00a0Brown Sugar<br \/>\n<strong>Artiste :<\/strong>\u00a0D&rsquo;Angelo<br \/>\n<strong>Etat :<\/strong>\u00a0Neuf<br \/>\n<strong>Format :<\/strong>\u00a0Vinyle, 2 LP, Album<br \/>\n<strong>Label :<\/strong>\u00a0Virgin Records<br \/>\n<strong>Edition :<\/strong> R\u00e9\u00e9dition 2015 \u00ab\u00a0Back To Black\u00a0\u00bb &#8211; 180g Audiophile<br \/>\n<strong>Date de sortie :<\/strong>\u00a01993<br \/>\n<strong>Genre :<\/strong>\u00a0R&amp;B \/ Neo Soul\u00a0\/ Soul\u00a0\/\u00a0Funk<\/p>\n","protected":false},"featured_media":69363,"comment_status":"open","ping_status":"closed","template":"","meta":{"om_disable_all_campaigns":false,"_monsterinsights_skip_tracking":false,"_monsterinsights_sitenote_active":false,"_monsterinsights_sitenote_note":"","_monsterinsights_sitenote_category":0},"product_brand":[],"product_cat":[6171,6179],"product_tag":[7705,6065,5375,5873,5339,5348,5347,7693,5378],"class_list":{"0":"post-69361","1":"product","2":"type-product","3":"status-publish","4":"has-post-thumbnail","6":"product_cat-golden-age","7":"product_cat-soul-rnb","8":"product_tag-180g","9":"product_tag-brown-sugar","10":"product_tag-dangelo","11":"product_tag-funk","12":"product_tag-golden-age","13":"product_tag-neo-soul","14":"product_tag-r-n-b","15":"product_tag-reedition","16":"product_tag-soul","17":"product_shipping_class-2-lp","19":"first","20":"outofstock","21":"taxable","22":"shipping-taxable","23":"purchasable","24":"product-type-simple"},"aioseo_notices":[],"_links":{"self":[{"href":"https:\/\/hiphop4life.fr\/shop\/wp-json\/wp\/v2\/product\/69361","targetHints":{"allow":["GET"]}}],"collection":[{"href":"https:\/\/hiphop4life.fr\/shop\/wp-json\/wp\/v2\/product"}],"about":[{"href":"https:\/\/hiphop4life.fr\/shop\/wp-json\/wp\/v2\/types\/product"}],"replies":[{"embeddable":true,"href":"https:\/\/hiphop4life.fr\/shop\/wp-json\/wp\/v2\/comments?post=69361"}],"wp:featuredmedia":[{"embeddable":true,"href":"https:\/\/hiphop4life.fr\/shop\/wp-json\/wp\/v2\/media\/69363"}],"wp:attachment":[{"href":"https:\/\/hiphop4life.fr\/shop\/wp-json\/wp\/v2\/media?parent=69361"}],"wp:term":[{"taxonomy":"product_brand","embeddable":true,"href":"https:\/\/hiphop4life.fr\/shop\/wp-json\/wp\/v2\/product_brand?post=69361"},{"taxonomy":"product_cat","embeddable":true,"href":"https:\/\/hiphop4life.fr\/shop\/wp-json\/wp\/v2\/product_cat?post=69361"},{"taxonomy":"product_tag","embeddable":true,"href":"https:\/\/hiphop4life.fr\/shop\/wp-json\/wp\/v2\/product_tag?post=69361"}],"curies":[{"name":"wp","href":"https:\/\/api.w.org\/{rel}","templated":true}]}}