{"id":69394,"date":"2016-01-14T08:25:51","date_gmt":"2016-01-14T07:25:51","guid":{"rendered":"http:\/\/hiphop4life.fr\/shop\/produit\/fugees-the-score-vinyle\/"},"modified":"2023-05-30T22:02:48","modified_gmt":"2023-05-30T20:02:48","slug":"fugees-the-score-vinyle","status":"publish","type":"product","link":"https:\/\/hiphop4life.fr\/shop\/produit\/fugees-the-score-vinyle\/","title":{"rendered":"Fugees &#8211; The Score [Vinyle Orange]"},"content":{"rendered":"<div class=\"wpb-content-wrapper\"><p>[vc_row][vc_column width=\u00a0\u00bb1\/1&Prime;][vc_column_text]Les Fugees sont un groupe \u00e0 part\u00a0dans le rapgame, construit autour d&rsquo;un leader f\u00e9minin,\u00a0le trio tire son inspiration du Reggae et de la Soul.<br \/>\nLes\u00a0samples vari\u00e9s enrichis d&rsquo;instruments live rendent\u00a0leur musique vivante et organique. \u00c0\u00a0l&rsquo;image d&rsquo;A Tribe Called Quest, les flows des 3 comp\u00e8res glissent et s&rsquo;entrem\u00ealent autour de lyrics intelligentes et engag\u00e9es,\u00a0loin\u00a0des clich\u00e9s du rap.<br \/>\nL&rsquo;alchimie certaine\u00a0de ce trio\u00a0n&#8217;emp\u00eache pas Lauryn Hill de prendre toute la lumi\u00e8re, l&rsquo;intensit\u00e9 des \u00e9motions qu&rsquo;elle transmet \u00e0 travers ses couplets et ses refrains chant\u00e9s donne une dimension tr\u00e8s particuli\u00e8re \u00e0 ce classique.[\/vc_column_text][vc_single_image media=\u00a0\u00bb69395&Prime; media_width_percent=\u00a0\u00bb100&Prime;][vc_column_text]<\/p>\n<p><iframe src=\"https:\/\/embed.spotify.com\/?uri=spotify%3Aalbum%3A7m1r9h3wfPRm3Iv8uvq9vQ\" width=\"300\" height=\"380\" frameborder=\"0\"><\/iframe><\/p>\n<p><strong>Tracklist<\/strong><\/p>\n<p><em>1. Red Intro (Ft. DJ Red Alert &amp; Ras J. Baraka)<\/em><br \/>\n<em>2. How Many Mics<\/em><br \/>\n<em>3. Ready or Not<\/em><br \/>\n<em>4. Zealots<\/em><br \/>\n<em>5. The Beast<\/em><br \/>\n<em>6. Fu-Gee-La<\/em><br \/>\n<em>7. Family Business (Ft. John Fort\u00e9 and Omega)<\/em><br \/>\n<em>8. Killing Me Softly<\/em><br \/>\n<em>9. The Score (Ft. Diamond D)<\/em><br \/>\n<em>10. The Mask<\/em><br \/>\n<em>11. Cowboys (Ft. Pacewon, Rah Digga, Young Zee and John Fort\u00e9)<\/em><br \/>\n<em>12. No Woman, No Cry<\/em><br \/>\n<em>13. Manifest \/ Outro<\/em><\/p>\n<p>Les meilleurs sons rap de NYC sont \u00e0 kiffer dans la playlist Hip-Hop 4 Life : <a href=\"http:\/\/hiphop4life.fr\/chroniques\/playlists\/\">NY State Of Mind<\/a>.[\/vc_column_text][\/vc_column][\/vc_row]<\/p>\n<\/div>","protected":false},"excerpt":{"rendered":"<p><strong>Album :<\/strong>\u00a0The Score<br \/>\n<strong>Artiste :<\/strong>\u00a0Fugees<br \/>\n<strong>Etat :<\/strong>\u00a0Neuf<br \/>\n<strong>Format :<\/strong>\u00a0Vinyle, 2 LP, Album<br \/>\n<strong>Label :<\/strong>\u00a0Columbia<br \/>\n<strong>Edition :\u00a0<\/strong>R\u00e9\u00e9dition 2018 &#8211; Vinyle Orange<br \/>\n<strong>Date de sortie :<\/strong>\u00a01997<br \/>\n<strong>Genre :<\/strong>\u00a0Hip-Hop \/ Rap US \/ Soul \/\u00a0R&amp;B<\/p>\n","protected":false},"featured_media":69396,"comment_status":"open","ping_status":"closed","template":"","meta":{"om_disable_all_campaigns":false,"_monsterinsights_skip_tracking":false,"_monsterinsights_sitenote_active":false,"_monsterinsights_sitenote_note":"","_monsterinsights_sitenote_category":0},"product_brand":[],"product_cat":[6174,6171,6179],"product_tag":[7705,5337,6037,5339,5325,6035,5347,5326,7693,5378,6031,9089,6029],"class_list":{"0":"post-69394","1":"product","2":"type-product","3":"status-publish","4":"has-post-thumbnail","6":"product_cat-east-coast","7":"product_cat-golden-age","8":"product_cat-soul-rnb","9":"product_tag-180g","10":"product_tag-east-coast","11":"product_tag-fugees","12":"product_tag-golden-age","13":"product_tag-hip-hop","14":"product_tag-lauryn-hill","15":"product_tag-r-n-b","16":"product_tag-rap-us","17":"product_tag-reedition","18":"product_tag-soul","19":"product_tag-the-score","20":"product_tag-vinyle-colore","21":"product_tag-wyclef-jean","22":"product_shipping_class-lp","24":"first","25":"outofstock","26":"taxable","27":"shipping-taxable","28":"purchasable","29":"product-type-simple"},"aioseo_notices":[],"_links":{"self":[{"href":"https:\/\/hiphop4life.fr\/shop\/wp-json\/wp\/v2\/product\/69394","targetHints":{"allow":["GET"]}}],"collection":[{"href":"https:\/\/hiphop4life.fr\/shop\/wp-json\/wp\/v2\/product"}],"about":[{"href":"https:\/\/hiphop4life.fr\/shop\/wp-json\/wp\/v2\/types\/product"}],"replies":[{"embeddable":true,"href":"https:\/\/hiphop4life.fr\/shop\/wp-json\/wp\/v2\/comments?post=69394"}],"wp:featuredmedia":[{"embeddable":true,"href":"https:\/\/hiphop4life.fr\/shop\/wp-json\/wp\/v2\/media\/69396"}],"wp:attachment":[{"href":"https:\/\/hiphop4life.fr\/shop\/wp-json\/wp\/v2\/media?parent=69394"}],"wp:term":[{"taxonomy":"product_brand","embeddable":true,"href":"https:\/\/hiphop4life.fr\/shop\/wp-json\/wp\/v2\/product_brand?post=69394"},{"taxonomy":"product_cat","embeddable":true,"href":"https:\/\/hiphop4life.fr\/shop\/wp-json\/wp\/v2\/product_cat?post=69394"},{"taxonomy":"product_tag","embeddable":true,"href":"https:\/\/hiphop4life.fr\/shop\/wp-json\/wp\/v2\/product_tag?post=69394"}],"curies":[{"name":"wp","href":"https:\/\/api.w.org\/{rel}","templated":true}]}}