{"id":69397,"date":"2022-01-06T18:52:31","date_gmt":"2022-01-06T17:52:31","guid":{"rendered":"http:\/\/hiphop4life.fr\/shop\/produit\/gorillaz-gorillaz-vinyle\/"},"modified":"2022-03-08T16:20:07","modified_gmt":"2022-03-08T15:20:07","slug":"gorillaz-gorillaz-vinyle","status":"publish","type":"product","link":"https:\/\/hiphop4life.fr\/shop\/produit\/gorillaz-gorillaz-vinyle\/","title":{"rendered":"Gorillaz &#8211; Gorillaz [Vinyle]"},"content":{"rendered":"<div class=\"wpb-content-wrapper\"><p>[vc_row][vc_column width=\u00a0\u00bb1\/1&Prime;][vc_column_text]Gorillaz est \u00e0 Damon Albarn ce que N.E.R.D. est \u00e0 Pharrell, un d\u00e9fouloir cr\u00e9atif sans limite qui replonge ces artistes de g\u00e9nie dans l&rsquo;insouciance de l&rsquo;enfance.<br \/>\nLe v\u00e9ritable coup de g\u00e9nie de Damon Albarn et Jamie Hewlett ? Titiller\u00a0notre imaginaire en donnant \u00e0 sa musique une identit\u00e9 visuelle forte et originale.<br \/>\n2D, Murdoc, Russel et Noodles nous embarquent dans un trip d\u00e9jant\u00e9\u00a0entre trip-hop, rap et electro avec une pointe de punk rock h\u00e9rit\u00e9e de Blur.<br \/>\nCe 1er projet dessine les contours d&rsquo;un univers imaginaire complexe qui prend vie\u00a0\u00e0 travers des clips mythiques mettant en sc\u00e8ne ces personnages attachants.[\/vc_column_text][vc_single_image media=\u00a0\u00bb69398&Prime; media_width_percent=\u00a0\u00bb100&Prime;][vc_column_text]<\/p>\n<p><iframe src=\"https:\/\/embed.spotify.com\/?uri=spotify%3Aalbum%3A4tUxQkrduOE8sfgwJ5BI2F\" width=\"300\" height=\"380\" frameborder=\"0\"><\/iframe><\/p>\n<p><strong>Tracklist<\/strong><\/p>\n<p><em>1. Re-Hash<\/em><br \/>\n<em>2. 5\/4<\/em><br \/>\n<em>3. Tomorrow Comes Today<\/em><br \/>\n<em>4. New Genious (Brother)<\/em><br \/>\n<em>5. Clint Eastwood (Ft. Del the Funky Homosapien)<\/em><br \/>\n<em>6. Man Research (Clapper)<\/em><br \/>\n<em>7. Punk<\/em><br \/>\n<em>8. Sound Check (Gravity)<\/em><br \/>\n<em>9. Double Bass<\/em><br \/>\n<em>10. Rock the House (Ft. Del the Funky Homosapien)<\/em><br \/>\n<em>11. 19-2000<\/em><br \/>\n<em>12. Latin Simone (\u00bfQu\u00e9 Pasa Contigo?) (Ft. Ibrahim Ferrer)<\/em><br \/>\n<em>13. Starshine<\/em><br \/>\n<em>14. Slow Country<\/em><br \/>\n<em>15. M1 A1<\/em><\/p>\n<p><strong>Gorillaz<\/strong>\u00a0est enfin de retour avec son nouvel album\u00a0<em><strong>\u00ab\u00a0Humanz\u00a0\u00bb<\/strong><\/em>\u00a0\u00e0 \u00e9couter sur Hip-Hop 4 Life <a href=\"http:\/\/hiphop4life.fr\/news\/gorillaz-humanz-album-stream\/\">ici<\/a>.<em><br \/>\n<\/em>[\/vc_column_text][\/vc_column][\/vc_row]<\/p>\n<\/div>","protected":false},"excerpt":{"rendered":"<p><strong>Album :<\/strong>\u00a0Gorillaz<br \/>\n<strong>Artiste :<\/strong>\u00a0Gorillaz<br \/>\n<strong>Etat :<\/strong>\u00a0Neuf<br \/>\n<strong>Format :<\/strong>\u00a0Vinyle, 2 LP, Album<br \/>\n<strong>Label :<\/strong> Parlophone<br \/>\n<strong>Edition :<\/strong> Originale<br \/>\n<strong>Date de sortie :<\/strong>\u00a02001<br \/>\n<strong>Genre :<\/strong>\u00a0Rock \/ Electro \/ Funk \/\u00a0Hip-Hop \/ Pop \/\u00a0Trip-Hop<\/p>\n","protected":false},"featured_media":69399,"comment_status":"open","ping_status":"closed","template":"","meta":{"om_disable_all_campaigns":false,"_monsterinsights_skip_tracking":false,"_monsterinsights_sitenote_active":false,"_monsterinsights_sitenote_note":"","_monsterinsights_sitenote_category":0},"product_brand":[],"product_cat":[6172,8053],"product_tag":[5374,5877,5873,6027,5325,7701,5875,7056,5380,7392],"class_list":{"0":"post-69397","1":"product","2":"type-product","3":"status-publish","4":"has-post-thumbnail","6":"product_cat-2000s","7":"product_cat-uk","8":"product_tag-2000s","9":"product_tag-electro","10":"product_tag-funk","11":"product_tag-gorillaz","12":"product_tag-hip-hop","13":"product_tag-original","14":"product_tag-pop","15":"product_tag-rap-uk","16":"product_tag-rock","17":"product_tag-trip-hop","18":"product_shipping_class-2-lp","20":"first","21":"instock","22":"taxable","23":"shipping-taxable","24":"purchasable","25":"product-type-simple"},"aioseo_notices":[],"_links":{"self":[{"href":"https:\/\/hiphop4life.fr\/shop\/wp-json\/wp\/v2\/product\/69397","targetHints":{"allow":["GET"]}}],"collection":[{"href":"https:\/\/hiphop4life.fr\/shop\/wp-json\/wp\/v2\/product"}],"about":[{"href":"https:\/\/hiphop4life.fr\/shop\/wp-json\/wp\/v2\/types\/product"}],"replies":[{"embeddable":true,"href":"https:\/\/hiphop4life.fr\/shop\/wp-json\/wp\/v2\/comments?post=69397"}],"wp:featuredmedia":[{"embeddable":true,"href":"https:\/\/hiphop4life.fr\/shop\/wp-json\/wp\/v2\/media\/69399"}],"wp:attachment":[{"href":"https:\/\/hiphop4life.fr\/shop\/wp-json\/wp\/v2\/media?parent=69397"}],"wp:term":[{"taxonomy":"product_brand","embeddable":true,"href":"https:\/\/hiphop4life.fr\/shop\/wp-json\/wp\/v2\/product_brand?post=69397"},{"taxonomy":"product_cat","embeddable":true,"href":"https:\/\/hiphop4life.fr\/shop\/wp-json\/wp\/v2\/product_cat?post=69397"},{"taxonomy":"product_tag","embeddable":true,"href":"https:\/\/hiphop4life.fr\/shop\/wp-json\/wp\/v2\/product_tag?post=69397"}],"curies":[{"name":"wp","href":"https:\/\/api.w.org\/{rel}","templated":true}]}}