{"id":69450,"date":"2016-03-28T15:26:49","date_gmt":"2016-03-28T13:26:49","guid":{"rendered":"http:\/\/hiphop4life.fr\/shop\/produit\/missy-elliot-under-construction-vinyle\/"},"modified":"2022-01-17T16:16:26","modified_gmt":"2022-01-17T15:16:26","slug":"missy-elliott-under-construction-vinyle","status":"publish","type":"product","link":"https:\/\/hiphop4life.fr\/shop\/produit\/missy-elliott-under-construction-vinyle\/","title":{"rendered":"Missy Elliott &#8211; Under Construction [Vinyle]"},"content":{"rendered":"<div class=\"wpb-content-wrapper\"><p>[vc_row][vc_column width=\u00a0\u00bb1\/1&Prime;][vc_column_text]\u00c0 l&rsquo;image de la cover, Missy Elliot et Timbaland se retrouvent pour un 4\u00e8me round plus old school et hip-hop, toujours\u00a0en avance sur son temps, le duo s&rsquo;autorise un coup d&rsquo;\u0153il dans le r\u00e9tro, les samples et les break-beats hommage au Golden Age c\u00f4toient les synth\u00e9s futuristes de Timbo pour des productions plus minimalistes mais toujours aussi barr\u00e9es qui font de ce 4\u00e8me album un volet particulier d&rsquo;une collaboration qui a marqu\u00e9 au fer rouge les ann\u00e9es 2000.[\/vc_column_text][vc_single_image media=\u00a0\u00bb69451&Prime; media_width_percent=\u00a0\u00bb100&Prime;][vc_column_text]<iframe src=\"https:\/\/embed.spotify.com\/?uri=spotify%3Aalbum%3A6DeU398qrJ1bLuryetSmup\" width=\"300\" height=\"380\" frameborder=\"0\"><\/iframe><\/p>\n<p><strong>Tracklist<\/strong><\/p>\n<p><em>1. Intro\/Go to the Floor<\/em><br \/>\n<em>2. Bring the Pain (Ft. Method Man)<\/em><br \/>\n<em>3. Gossip Folks (Ft. Ludacris)<\/em><br \/>\n<em>4. Work It<\/em><br \/>\n<em>5. Back in the Day (Ft. Jay-Z)<\/em><br \/>\n<em>6. Funky Fresh Dressed (Ft. Ms. Jade)<\/em><br \/>\n<em>7. Pussycat<\/em><br \/>\n<em>8. Nothing Out There for Me (Ft. Beyonc\u00e9 Knowles)<\/em><br \/>\n<em>9. Slide<\/em><br \/>\n<em>10. Play that Beat<\/em><br \/>\n<em>11. Ain&rsquo;t that Funny<\/em><br \/>\n<em>12. Hot<\/em><br \/>\n<em>13. Can You Hear Me (Ft. TLC)<\/em><\/p>\n<p>Les meilleurs sons rap des ann\u00e9es 2000 sont \u00e0 \u00e9couter dans la playlist Hip-Hop 4 Life <a href=\"http:\/\/hiphop4life.fr\/chroniques\/playlists\/\">ici<\/a>.[\/vc_column_text][\/vc_column][\/vc_row]<\/p>\n<\/div>","protected":false},"excerpt":{"rendered":"<p><strong>Album :<\/strong>\u00a0Under Construction<br \/>\n<strong>Artiste :<\/strong>\u00a0Missy Elliott<br \/>\n<strong>Etat :<\/strong>\u00a0Neuf<br \/>\n<strong>Format :<\/strong>\u00a0Vinyle, 2 LP, Album<br \/>\n<strong>Label :<\/strong>\u00a0Elektra<br \/>\n<strong>Edition :<\/strong> Originale<br \/>\n<strong>Date de sortie :<\/strong>\u00a02002<br \/>\n<strong>Genre :<\/strong>\u00a0Hip-Hop \/ Rap US \/\u00a0R&amp;B<\/p>\n","protected":false},"featured_media":69452,"comment_status":"open","ping_status":"closed","template":"","meta":{"om_disable_all_campaigns":false,"_monsterinsights_skip_tracking":false,"_monsterinsights_sitenote_active":false,"_monsterinsights_sitenote_note":"","_monsterinsights_sitenote_category":0},"product_brand":[],"product_cat":[6172,6179],"product_tag":[5374,5325,5515,7701,5347,5326,5971,5979],"class_list":{"0":"post-69450","1":"product","2":"type-product","3":"status-publish","4":"has-post-thumbnail","6":"product_cat-2000s","7":"product_cat-soul-rnb","8":"product_tag-2000s","9":"product_tag-hip-hop","10":"product_tag-missy-elliott","11":"product_tag-original","12":"product_tag-r-n-b","13":"product_tag-rap-us","14":"product_tag-timbaland","15":"product_tag-under-construction","16":"product_shipping_class-2-lp","18":"first","19":"outofstock","20":"taxable","21":"shipping-taxable","22":"purchasable","23":"product-type-simple"},"aioseo_notices":[],"_links":{"self":[{"href":"https:\/\/hiphop4life.fr\/shop\/wp-json\/wp\/v2\/product\/69450","targetHints":{"allow":["GET"]}}],"collection":[{"href":"https:\/\/hiphop4life.fr\/shop\/wp-json\/wp\/v2\/product"}],"about":[{"href":"https:\/\/hiphop4life.fr\/shop\/wp-json\/wp\/v2\/types\/product"}],"replies":[{"embeddable":true,"href":"https:\/\/hiphop4life.fr\/shop\/wp-json\/wp\/v2\/comments?post=69450"}],"wp:featuredmedia":[{"embeddable":true,"href":"https:\/\/hiphop4life.fr\/shop\/wp-json\/wp\/v2\/media\/69452"}],"wp:attachment":[{"href":"https:\/\/hiphop4life.fr\/shop\/wp-json\/wp\/v2\/media?parent=69450"}],"wp:term":[{"taxonomy":"product_brand","embeddable":true,"href":"https:\/\/hiphop4life.fr\/shop\/wp-json\/wp\/v2\/product_brand?post=69450"},{"taxonomy":"product_cat","embeddable":true,"href":"https:\/\/hiphop4life.fr\/shop\/wp-json\/wp\/v2\/product_cat?post=69450"},{"taxonomy":"product_tag","embeddable":true,"href":"https:\/\/hiphop4life.fr\/shop\/wp-json\/wp\/v2\/product_tag?post=69450"}],"curies":[{"name":"wp","href":"https:\/\/api.w.org\/{rel}","templated":true}]}}