{"id":69487,"date":"2022-01-10T12:59:29","date_gmt":"2022-01-10T11:59:29","guid":{"rendered":"http:\/\/hiphop4life.fr\/shop\/produit\/run-the-jewels-run-the-jewels-vinyle\/"},"modified":"2022-12-31T00:32:31","modified_gmt":"2022-12-30T23:32:31","slug":"run-the-jewels-run-the-jewels-vinyle","status":"publish","type":"product","link":"https:\/\/hiphop4life.fr\/shop\/produit\/run-the-jewels-run-the-jewels-vinyle\/","title":{"rendered":"Run The Jewels &#8211; Run The Jewels [Vinyle Orange]"},"content":{"rendered":"<div class=\"wpb-content-wrapper\"><p>[vc_row][vc_column width=\u00a0\u00bb1\/1&Prime;][vc_column_text]La naissance du duo le plus marquant de ces derni\u00e8res ann\u00e9es, difficile aujourd&rsquo;hui d&rsquo;imaginer Killer Mike sans El-P tant son rap muscl\u00e9 semble fait pour les productions d\u00e9jant\u00e9es d&rsquo;El Producto.<br \/>\nUn 1er volet d&rsquo;une trilogie explosive rempli de bangers d\u00e9capants, de couplets muscl\u00e9s, de grosses lignes de basse, de lyrics br\u00fblantes, et d&rsquo;un humour bien gras, les deux potes ne font pas dans la dentelle et d\u00e9foncent tout sur leur passage.[\/vc_column_text][vc_single_image media=\u00a0\u00bb69491&Prime; media_width_percent=\u00a0\u00bb100&Prime;][vc_column_text uncode_shortcode_id=\u00a0\u00bb204472&Prime;]<iframe style=\"border-radius:12px\" src=\"https:\/\/open.spotify.com\/embed\/album\/00YvpfulLYvaJp0s6nC7f2?utm_source=generator\" width=\"100%\" height=\"380\" frameBorder=\"0\" allowfullscreen=\"\" allow=\"autoplay; clipboard-write; encrypted-media; fullscreen; picture-in-picture\" loading=\"lazy\"><\/iframe><\/p>\n<p><strong>Tracklist<\/strong><\/p>\n<p><em>A1. Run the Jewels<\/em><br \/>\n<em>A2. Banana Clipper (Ft. Big Boi)<\/em><br \/>\n<em>A3. 36&Prime; Chain<\/em><br \/>\n<em>A4. DDFH<\/em><br \/>\n<em>A5. Sea Legs<\/em><br \/>\n<em>B1. Job Well Done (Ft. Until the Ribbon Breaks)<\/em><br \/>\n<em>B2. No Come Down<\/em><br \/>\n<em>B3. Get It<\/em><br \/>\n<em>B4. Twin Hype Back (Ft. Prince Paul)<\/em><br \/>\n<em>B5. A Christmas Fucking Miracle<\/em><\/p>\n<p><em>BONUS 12\u201d<\/em><\/p>\n<p><em>A1. Pew Pew Pew Ft. DJ Q-Bert<\/em><br \/>\n<em>A2. Sea Legs &#8211; Dave\u00a0Sitek Remix<br \/>\nA3. 36\u201d Chain &#8211; BSBD Remix<br \/>\nA1. Pew Pew Pew Ft. DJ Q-Bert (Instrumental)<br \/>\nA2. Sea Legs &#8211; Dave\u00a0Sitek Remix (Instrumental)<br \/>\nA3. 36\u201d Chain &#8211; BSBD Remix (Instrumental) <\/em><\/p>\n<p>Le 3\u00e8me volet de la trilogie <em><strong>Run The Jewels<\/strong><\/em> est sorti en fin d&rsquo;ann\u00e9e derni\u00e8re, il est disponible en vinyle\u00a0<a href=\"http:\/\/hiphop4life.fr\/shop\/produit\/run-the-jewels-run-the-jewels-3-vinyle\/\">ici<\/a>.[\/vc_column_text][\/vc_column][\/vc_row]<\/p>\n<\/div>","protected":false},"excerpt":{"rendered":"<p><strong>Album :<\/strong> Run The Jewels<br \/>\n<strong>Artiste :<\/strong>\u00a0Run The Jewels<br \/>\n<strong>Etat :<\/strong>\u00a0Neuf<br \/>\n<strong>Format :<\/strong>\u00a0Vinyle, 2 LP, Album<br \/>\n<strong>Label :<\/strong>\u00a0Big Dada<br \/>\n<strong>Edition :<\/strong> R\u00e9\u00e9dition 2022 Vinyle Orange<br \/>\n<strong>Date de sortie :<\/strong>\u00a02013<br \/>\n<strong>Genre :<\/strong>\u00a0Hip-Hop \/ Rap US \/ Rap Conscient \/ Electro Rap<\/p>\n","protected":false},"featured_media":98519,"comment_status":"open","ping_status":"closed","template":"","meta":{"om_disable_all_campaigns":false,"_monsterinsights_skip_tracking":false,"_monsterinsights_sitenote_active":false,"_monsterinsights_sitenote_note":"","_monsterinsights_sitenote_category":0},"product_brand":[],"product_cat":[9206],"product_tag":[5499,5877,5325,5901,5361,5326,7693,5859,9089],"class_list":{"0":"post-69487","1":"product","2":"type-product","3":"status-publish","4":"has-post-thumbnail","6":"product_cat-new-school","7":"product_tag-el-p","8":"product_tag-electro","9":"product_tag-hip-hop","10":"product_tag-killer-mike","11":"product_tag-rap-conscient","12":"product_tag-rap-us","13":"product_tag-reedition","14":"product_tag-run-the-jewels","15":"product_tag-vinyle-colore","16":"product_shipping_class-2-lp","18":"first","19":"instock","20":"taxable","21":"shipping-taxable","22":"purchasable","23":"product-type-simple"},"aioseo_notices":[],"_links":{"self":[{"href":"https:\/\/hiphop4life.fr\/shop\/wp-json\/wp\/v2\/product\/69487","targetHints":{"allow":["GET"]}}],"collection":[{"href":"https:\/\/hiphop4life.fr\/shop\/wp-json\/wp\/v2\/product"}],"about":[{"href":"https:\/\/hiphop4life.fr\/shop\/wp-json\/wp\/v2\/types\/product"}],"replies":[{"embeddable":true,"href":"https:\/\/hiphop4life.fr\/shop\/wp-json\/wp\/v2\/comments?post=69487"}],"wp:featuredmedia":[{"embeddable":true,"href":"https:\/\/hiphop4life.fr\/shop\/wp-json\/wp\/v2\/media\/98519"}],"wp:attachment":[{"href":"https:\/\/hiphop4life.fr\/shop\/wp-json\/wp\/v2\/media?parent=69487"}],"wp:term":[{"taxonomy":"product_brand","embeddable":true,"href":"https:\/\/hiphop4life.fr\/shop\/wp-json\/wp\/v2\/product_brand?post=69487"},{"taxonomy":"product_cat","embeddable":true,"href":"https:\/\/hiphop4life.fr\/shop\/wp-json\/wp\/v2\/product_cat?post=69487"},{"taxonomy":"product_tag","embeddable":true,"href":"https:\/\/hiphop4life.fr\/shop\/wp-json\/wp\/v2\/product_tag?post=69487"}],"curies":[{"name":"wp","href":"https:\/\/api.w.org\/{rel}","templated":true}]}}