{"id":70528,"date":"2016-02-22T12:41:19","date_gmt":"2016-02-22T11:41:19","guid":{"rendered":"http:\/\/hiphop4life.fr\/shop\/?post_type=product&#038;p=70528"},"modified":"2022-01-17T16:19:45","modified_gmt":"2022-01-17T15:19:45","slug":"gang-starr-moment-of-truth-vinyle","status":"publish","type":"product","link":"https:\/\/hiphop4life.fr\/shop\/produit\/gang-starr-moment-of-truth-vinyle\/","title":{"rendered":"Gang Starr &#8211; Moment of Truth [Vinyle]"},"content":{"rendered":"<div class=\"wpb-content-wrapper\"><p>[vc_row][vc_column width=\u00a0\u00bb1\/1&Prime;][vc_column_text]<strong>Extrait de la chronique Hip-Hop 4 Life :<\/strong><\/p>\n<p>[&#8230;] <em>Telle l\u2019\u00e9toile du berger, Gangstarr a toujours \u00e9clair\u00e9 le hip-hop pour le mener dans la bonne direction, \u00ab\u00a0Royalty\u00a0\u00bb refl\u00e8te cette lumi\u00e8re et brille comme un diamant, son magnifique refrain chant\u00e9 vient contrebalancer l\u2019orgie de scratches sublimant la plupart des morceaux.<\/em><br \/>\n<em>Toujours en qu\u00eate du sample absolu, <a href=\"http:\/\/hiphop4life.fr\/news\/category\/premier\/\">DJ Premier<\/a> encha\u00eene sans faiblir les moments anthologiques, \u00ab\u00a0Above The Clouds\u00a0\u00bb en est clairement un, un sample l\u00e9gendaire de John Dankworth permet \u00e0 Inspectah Deck de l\u00e2cher un couplet extraordinaire.<\/em>\u00a0[&#8230;]<\/p>\n<p>La chronique compl\u00e8te de <em><strong>Moment of Truth<\/strong><\/em>\u00a0\u00e0 lire <a href=\"http:\/\/hiphop4life.fr\/chroniques\/drake-views-chronique\/\">ici<\/a>.[\/vc_column_text][vc_single_image media=\u00a0\u00bb70529&Prime; media_width_percent=\u00a0\u00bb100&Prime;][vc_column_text]<\/p>\n<p><strong>Tracklist<\/strong><\/p>\n<p><em>1. You Know My Steez<\/em><br \/>\n<em>2. Robbin Hood Theory<\/em><br \/>\n<em>3. Work<\/em><br \/>\n<em>4. Royalty (Ft. K-Ci &amp; JoJo)<\/em><br \/>\n<em>5. Above the Clouds (Ft. Inspectah Deck)<\/em><br \/>\n<em>6. JFK 2 LAX<\/em><br \/>\n<em>7. It&rsquo;z a Set Up (Ft. Hannibal Stax)<\/em><br \/>\n<em>8. Moment of Truth<\/em><br \/>\n<em>9. B.I. vs. Friendship (Ft. M.O.P.)<\/em><br \/>\n<em>10. The Militia (Ft. Big Shug &amp; Freddie Foxxx\/Bumpy Knuckles)<\/em><br \/>\n<em>11. The Rep Growz Bigga<\/em><br \/>\n<em>12. What I&rsquo;m Here 4<\/em><br \/>\n<em>13. She Knowz What She Wants<\/em><br \/>\n<em>14. New York Strait Talk<\/em><br \/>\n<em>15. My Advice 2 You<\/em><br \/>\n<em>16. Make Em Pay (Ft. Krumb Snatcha)<\/em><br \/>\n<em>17. The Mall (Ft. G-Dep &amp; Shiggy Sha)<\/em><br \/>\n<em>18. Betrayal (Ft. Scarface)<\/em><br \/>\n<em>19. Next Time<\/em><br \/>\n<em>20. In Memory Of&#8230;<\/em><\/p>\n<p>Les meilleurs morceaux de\u00a0<strong>Gang Starr\u00a0<\/strong>sont \u00e0 \u00e9couter dans la playlist Hip-Hop 4 Life : <a href=\"http:\/\/hiphop4life.fr\/chroniques\/playlists\/\">Preemo<\/a>.[\/vc_column_text][\/vc_column][\/vc_row]<\/p>\n<\/div>","protected":false},"excerpt":{"rendered":"<p><strong>Album :<\/strong>\u00a0Moment of Truth<br \/>\n<strong>Artiste :<\/strong>\u00a0Gang Starr<br \/>\n<strong>Etat :<\/strong>\u00a0Neuf<br \/>\n<strong>Format :<\/strong>\u00a0Vinyle, 3 LP, Album<br \/>\n<strong>Label :<\/strong> Virgin<br \/>\n<strong>Edition :<\/strong>\u00a0R\u00e9\u00e9dition 2015 \u00ab\u00a0Respect The Classics\u00a0\u00bb<br \/>\n<strong>Date de sortie :<\/strong>\u00a01998<br \/>\n<strong>Genre :<\/strong>\u00a0Hip-Hop \/ Rap US<\/p>\n","protected":false},"featured_media":70530,"comment_status":"open","ping_status":"closed","template":"","meta":{"om_disable_all_campaigns":false,"_monsterinsights_skip_tracking":false,"_monsterinsights_sitenote_active":false,"_monsterinsights_sitenote_note":"","_monsterinsights_sitenote_category":0},"product_brand":[],"product_cat":[6174,6171],"product_tag":[5447,5337,6021,5339,5446,5325,6891,5326,7693],"class_list":{"0":"post-70528","1":"product","2":"type-product","3":"status-publish","4":"has-post-thumbnail","6":"product_cat-east-coast","7":"product_cat-golden-age","8":"product_tag-dj-premier","9":"product_tag-east-coast","10":"product_tag-gang-starr","11":"product_tag-golden-age","12":"product_tag-guru","13":"product_tag-hip-hop","14":"product_tag-moment-of-truth","15":"product_tag-rap-us","16":"product_tag-reedition","17":"product_shipping_class-3-lp","19":"first","20":"outofstock","21":"taxable","22":"shipping-taxable","23":"purchasable","24":"product-type-simple"},"aioseo_notices":[],"_links":{"self":[{"href":"https:\/\/hiphop4life.fr\/shop\/wp-json\/wp\/v2\/product\/70528","targetHints":{"allow":["GET"]}}],"collection":[{"href":"https:\/\/hiphop4life.fr\/shop\/wp-json\/wp\/v2\/product"}],"about":[{"href":"https:\/\/hiphop4life.fr\/shop\/wp-json\/wp\/v2\/types\/product"}],"replies":[{"embeddable":true,"href":"https:\/\/hiphop4life.fr\/shop\/wp-json\/wp\/v2\/comments?post=70528"}],"wp:featuredmedia":[{"embeddable":true,"href":"https:\/\/hiphop4life.fr\/shop\/wp-json\/wp\/v2\/media\/70530"}],"wp:attachment":[{"href":"https:\/\/hiphop4life.fr\/shop\/wp-json\/wp\/v2\/media?parent=70528"}],"wp:term":[{"taxonomy":"product_brand","embeddable":true,"href":"https:\/\/hiphop4life.fr\/shop\/wp-json\/wp\/v2\/product_brand?post=70528"},{"taxonomy":"product_cat","embeddable":true,"href":"https:\/\/hiphop4life.fr\/shop\/wp-json\/wp\/v2\/product_cat?post=70528"},{"taxonomy":"product_tag","embeddable":true,"href":"https:\/\/hiphop4life.fr\/shop\/wp-json\/wp\/v2\/product_tag?post=70528"}],"curies":[{"name":"wp","href":"https:\/\/api.w.org\/{rel}","templated":true}]}}