{"id":70671,"date":"2016-07-16T13:34:33","date_gmt":"2016-07-16T11:34:33","guid":{"rendered":"http:\/\/hiphop4life.fr\/shop\/?post_type=product&#038;p=70671"},"modified":"2022-01-17T16:05:54","modified_gmt":"2022-01-17T15:05:54","slug":"mos-def-talib-kweli-black-star-vinyle","status":"publish","type":"product","link":"https:\/\/hiphop4life.fr\/shop\/produit\/mos-def-talib-kweli-black-star-vinyle\/","title":{"rendered":"Mos Def &#038; Talib Kweli &#8211; Black Star [Vinyle \u00c9toil\u00e9]"},"content":{"rendered":"<div class=\"wpb-content-wrapper\"><p>[vc_row][vc_column width=\u00a0\u00bb1\/1&Prime;][vc_single_image media=\u00a0\u00bb70672&Prime; media_width_percent=\u00a0\u00bb100&Prime;][vc_column_text]<iframe src=\"https:\/\/open.spotify.com\/embed\/album\/707If6cln3gNYJyYkSumGe\" width=\"300\" height=\"380\" frameborder=\"0\"><\/iframe><\/p>\n<p><strong>Tracklist<\/strong><\/p>\n<p><em>1. Intro<\/em><br \/>\n<em>2. Astronomy (8th Light) (Ft. Weldon Irvine)<\/em><br \/>\n<em>3. Definition<\/em><br \/>\n<em>4. RE:DEFinition<\/em><br \/>\n<em>5. Children&rsquo;s Story<\/em><br \/>\n<em>6. Brown Skin Lady<\/em><br \/>\n<em>7. B Boys Will B Boys<\/em><br \/>\n<em>8. K.O.S. (Determination) (Ft. Vinia Mojica)<\/em><br \/>\n<em>9. Hater Players<\/em><br \/>\n<em>10. Yo Yeah<\/em><br \/>\n<em>11. Respiration (Ft. Common)<\/em><br \/>\n<em>12. Thieves in the Night<\/em><br \/>\n<em>13. Twice Inna Lifetime (Ft. Jane Doe, Punchline &amp; Wordsworth)<\/em><\/p>\n<p>L&rsquo;album de Black Star est\u00a0\u00e0 retrouver dans la playlist Hip-Hop 4 Life : <a href=\"http:\/\/hiphop4life.fr\/chroniques\/playlists\/\">Golden Age<\/a>.[\/vc_column_text][\/vc_column][\/vc_row]<\/p>\n<\/div>","protected":false},"excerpt":{"rendered":"<p><strong>Album :<\/strong> Black Star<br \/>\n<strong>Artiste :<\/strong> Mos Def &amp; Talib Kweli<br \/>\n<strong>Etat :<\/strong>\u00a0Neuf<br \/>\n<strong>Format :<\/strong>\u00a0Vinyle, LP, Album<br \/>\n<strong>Label :<\/strong> Rawkus<br \/>\n<strong>Edition : <\/strong>R\u00e9\u00e9dition 2014 \u00ab\u00a0Respect The Classics\u00a0\u00bb &#8211; \u00c9dition Limit\u00e9e &#8211; Vinyles \u00e9toil\u00e9s<br \/>\n<strong>Date de sortie :<\/strong>\u00a01998<br \/>\n<strong>Genre :<\/strong>\u00a0Hip-Hop\u00a0\/ Rap US \/ Rap Conscient \/ Underground<\/p>\n","protected":false},"featured_media":70673,"comment_status":"open","ping_status":"closed","template":"","meta":{"om_disable_all_campaigns":false,"_monsterinsights_skip_tracking":false,"_monsterinsights_sitenote_active":false,"_monsterinsights_sitenote_note":"","_monsterinsights_sitenote_category":0},"product_brand":[],"product_cat":[6174,6171],"product_tag":[7118,5337,9091,5339,5325,7116,5361,5326,7112,7693,7114,6986,9089],"class_list":{"0":"post-70671","1":"product","2":"type-product","3":"status-publish","4":"has-post-thumbnail","6":"product_cat-east-coast","7":"product_cat-golden-age","8":"product_tag-black-star","9":"product_tag-east-coast","10":"product_tag-edition-limitee","11":"product_tag-golden-age","12":"product_tag-hip-hop","13":"product_tag-mos-def","14":"product_tag-rap-conscient","15":"product_tag-rap-us","16":"product_tag-rawkus","17":"product_tag-reedition","18":"product_tag-talib-kweli","19":"product_tag-underground-fr","20":"product_tag-vinyle-colore","21":"product_shipping_class-lp","23":"first","24":"outofstock","25":"taxable","26":"shipping-taxable","27":"purchasable","28":"product-type-simple"},"aioseo_notices":[],"_links":{"self":[{"href":"https:\/\/hiphop4life.fr\/shop\/wp-json\/wp\/v2\/product\/70671","targetHints":{"allow":["GET"]}}],"collection":[{"href":"https:\/\/hiphop4life.fr\/shop\/wp-json\/wp\/v2\/product"}],"about":[{"href":"https:\/\/hiphop4life.fr\/shop\/wp-json\/wp\/v2\/types\/product"}],"replies":[{"embeddable":true,"href":"https:\/\/hiphop4life.fr\/shop\/wp-json\/wp\/v2\/comments?post=70671"}],"wp:featuredmedia":[{"embeddable":true,"href":"https:\/\/hiphop4life.fr\/shop\/wp-json\/wp\/v2\/media\/70673"}],"wp:attachment":[{"href":"https:\/\/hiphop4life.fr\/shop\/wp-json\/wp\/v2\/media?parent=70671"}],"wp:term":[{"taxonomy":"product_brand","embeddable":true,"href":"https:\/\/hiphop4life.fr\/shop\/wp-json\/wp\/v2\/product_brand?post=70671"},{"taxonomy":"product_cat","embeddable":true,"href":"https:\/\/hiphop4life.fr\/shop\/wp-json\/wp\/v2\/product_cat?post=70671"},{"taxonomy":"product_tag","embeddable":true,"href":"https:\/\/hiphop4life.fr\/shop\/wp-json\/wp\/v2\/product_tag?post=70671"}],"curies":[{"name":"wp","href":"https:\/\/api.w.org\/{rel}","templated":true}]}}