{"id":70893,"date":"2016-01-12T00:00:14","date_gmt":"2016-01-11T23:00:14","guid":{"rendered":"http:\/\/hiphop4life.fr\/shop\/?post_type=product&#038;p=70893"},"modified":"2023-09-26T12:49:23","modified_gmt":"2023-09-26T10:49:23","slug":"kendrick-lamar-section-80-vinyle","status":"publish","type":"product","link":"https:\/\/hiphop4life.fr\/shop\/produit\/kendrick-lamar-section-80-vinyle\/","title":{"rendered":"Kendrick Lamar &#8211; Section 80 [Vinyle Color\u00e9]"},"content":{"rendered":"<div class=\"wpb-content-wrapper\"><p>[vc_row][vc_column width=\u00a0\u00bb1\/1&Prime;][vc_single_image media=\u00a0\u00bb70894&Prime; media_width_percent=\u00a0\u00bb100&Prime;][vc_column_text]<iframe src=\"https:\/\/open.spotify.com\/embed\/album\/13WjgUEEAQp0d9JqojlWp1\" width=\"300\" height=\"380\" frameborder=\"0\"><\/iframe><\/p>\n<p><strong>Tracklist<\/strong><\/p>\n<p><em>1. Fuck Your Ethnicity<\/em><br \/>\n<em> 2. Hol\u2019 Up<\/em><br \/>\n<em> 3. A.D.H.D<\/em><br \/>\n<em> 4. No Makeup (Her Vice) [feat. Colin Munroe]<\/em><br \/>\n<em> 5. Tammy\u2019s Song (Her Evils)<\/em><br \/>\n<em> 6. Chapter Six<\/em><br \/>\n<em> 7. Ronald Reagan Era (His Evils) [feat. RZA]<\/em><br \/>\n<em> 8. Poe Man&rsquo;s Dreams (His Vice) [feat. GLC]<\/em><br \/>\n<em> 9. The Spiteful Chant [feat. ScHoolboy Q]<\/em><br \/>\n<em> 10. Chapter Ten<\/em><br \/>\n<em> 11. Keisha\u2019s Song (Her Pain) [feat. Astro Bot]<\/em><br \/>\n<em> 12. Rigamortis<\/em><br \/>\n<em> 13. Kush &amp; Corinthians (His Pain) [feat. BJ The Chicago Kid]<\/em><br \/>\n<em> 14. Blow My High (Members Only)<\/em><br \/>\n<em> 15. Ab-Soul\u2019s Outro [feat. Ab-Soul]<\/em><br \/>\n<em> 16. HiiiPoWeR<\/em><\/p>\n<p>La chronique du dernier album de Kendrick Lamar, <a href=\"http:\/\/hiphop4life.fr\/shop\/produit\/kendrick-lamar-damn-vinyle-dedicace\/\"><em>DAMN.<\/em><\/a>, est \u00e0 lire sur Hip-Hop 4 Life <a href=\"http:\/\/hiphop4life.fr\/chroniques\/kendrick-lamar-damn-chronique\/\">ici<\/a>.<\/p>\n<p>Les meilleurs sons de Kendrick sont \u00e0 retrouver dans la playlist Hip-Hop 4 Life : <a href=\"http:\/\/hiphop4life.fr\/chroniques\/playlists\/\">Black Hippy<\/a>[\/vc_column_text][\/vc_column][\/vc_row]<\/p>\n<\/div>","protected":false},"excerpt":{"rendered":"<p><strong>Album :<\/strong> Section.80<br \/>\n<strong>Artiste :<\/strong> Kendrick Lamar<br \/>\n<strong>Etat :<\/strong>\u00a0Neuf (Pas sous blister)<br \/>\n<strong>Format :<\/strong>\u00a0Vinyle, 2 LP, Album<br \/>\n<strong>Label :<\/strong> Top Dawg Entertainment<br \/>\n<strong>Edition :<\/strong> R\u00e9\u00e9dition HHV &#8211; Vinyle Color\u00e9 &#8211; Edition Limit\u00e9e<br \/>\n<strong>Date de sortie :<\/strong>\u00a02011<br \/>\n<strong>Genre :<\/strong>\u00a0Hip-Hop\u00a0\/ Rap US \/ West Coast<\/p>\n","protected":false},"featured_media":70895,"comment_status":"open","ping_status":"closed","template":"","meta":{"om_disable_all_campaigns":false,"_monsterinsights_skip_tracking":false,"_monsterinsights_sitenote_active":false,"_monsterinsights_sitenote_note":"","_monsterinsights_sitenote_category":0},"product_brand":[],"product_cat":[9206,6175],"product_tag":[7266,9688,9091,5325,5999,5855,7701,5326,7382,5895,9089,5328],"class_list":{"0":"post-70893","1":"product","2":"type-product","3":"status-publish","4":"has-post-thumbnail","6":"product_cat-new-school","7":"product_cat-west-coast","8":"product_tag-collector","9":"product_tag-dreamville-vs-tde","10":"product_tag-edition-limitee","11":"product_tag-hip-hop","12":"product_tag-kendrick-lamar","13":"product_tag-new-school","14":"product_tag-original","15":"product_tag-rap-us","16":"product_tag-section-80","17":"product_tag-tde","18":"product_tag-vinyle-colore","19":"product_tag-west-coast","20":"product_shipping_class-2-lp","22":"first","23":"outofstock","24":"taxable","25":"shipping-taxable","26":"purchasable","27":"product-type-simple"},"aioseo_notices":[],"_links":{"self":[{"href":"https:\/\/hiphop4life.fr\/shop\/wp-json\/wp\/v2\/product\/70893","targetHints":{"allow":["GET"]}}],"collection":[{"href":"https:\/\/hiphop4life.fr\/shop\/wp-json\/wp\/v2\/product"}],"about":[{"href":"https:\/\/hiphop4life.fr\/shop\/wp-json\/wp\/v2\/types\/product"}],"replies":[{"embeddable":true,"href":"https:\/\/hiphop4life.fr\/shop\/wp-json\/wp\/v2\/comments?post=70893"}],"wp:featuredmedia":[{"embeddable":true,"href":"https:\/\/hiphop4life.fr\/shop\/wp-json\/wp\/v2\/media\/70895"}],"wp:attachment":[{"href":"https:\/\/hiphop4life.fr\/shop\/wp-json\/wp\/v2\/media?parent=70893"}],"wp:term":[{"taxonomy":"product_brand","embeddable":true,"href":"https:\/\/hiphop4life.fr\/shop\/wp-json\/wp\/v2\/product_brand?post=70893"},{"taxonomy":"product_cat","embeddable":true,"href":"https:\/\/hiphop4life.fr\/shop\/wp-json\/wp\/v2\/product_cat?post=70893"},{"taxonomy":"product_tag","embeddable":true,"href":"https:\/\/hiphop4life.fr\/shop\/wp-json\/wp\/v2\/product_tag?post=70893"}],"curies":[{"name":"wp","href":"https:\/\/api.w.org\/{rel}","templated":true}]}}