{"id":71538,"date":"2016-11-02T14:46:57","date_gmt":"2016-11-02T13:46:57","guid":{"rendered":"http:\/\/hiphop4life.fr\/shop\/?post_type=product&#038;p=71538"},"modified":"2022-01-17T16:02:54","modified_gmt":"2022-01-17T15:02:54","slug":"big-daddy-kane-long-live-the-kane-vinyle","status":"publish","type":"product","link":"https:\/\/hiphop4life.fr\/shop\/produit\/big-daddy-kane-long-live-the-kane-vinyle\/","title":{"rendered":"Big Daddy Kane &#8211; Long Live The Kane [Vinyle Edition Limit\u00e9e Violet\/Noir]"},"content":{"rendered":"<div class=\"wpb-content-wrapper\"><p>[vc_row][vc_column width=\u00a0\u00bb1\/1&Prime;][vc_single_image media=\u00a0\u00bb71540&Prime; media_width_percent=\u00a0\u00bb100&Prime;][vc_column_text]<\/p>\n<p><strong>Tracklist<\/strong><\/p>\n<p>1. \u00ab\u00a0Long Live the Kane\u00a0\u00bb<br \/>\n2. \u00ab\u00a0Raw\u00a0\u00bb (Remix)<br \/>\n3. \u00ab\u00a0Set It Off\u00a0\u00bb<br \/>\n4. \u00ab\u00a0The Day You&rsquo;re Mine\u00a0\u00bb<br \/>\n5. \u00ab\u00a0On the Bugged Tip\u00a0\u00bb (featuring Scoob Lover)<br \/>\n6. \u00ab\u00a0Ain&rsquo;t No Half-Steppin'\u00a0\u00bb<br \/>\n7. \u00ab\u00a0I&rsquo;ll Take You There\u00a0\u00bb<br \/>\n8. \u00ab\u00a0Just Rhymin&rsquo; with Biz\u00a0\u00bb (featuring Biz Markie)<br \/>\n9. \u00ab\u00a0Mister Cee&rsquo;s Master Plan\u00a0\u00bb (featuring Mister Cee)<br \/>\n10. \u00ab\u00a0Word to the Mother (Land)\u00a0\u00bb<\/p>\n<p>Les meilleurs sons de Big Daddy Kane sont \u00e0 retrouver dans la playlist Hip-Hop 4 Life : <a href=\"http:\/\/hiphop4life.fr\/chroniques\/playlists\/\">NY State Of Mind<\/a>[\/vc_column_text][\/vc_column][\/vc_row]<\/p>\n<\/div>","protected":false},"excerpt":{"rendered":"<p><strong>Album :<\/strong>\u00a0Long Live The Kane<br \/>\n<strong>Artiste :<\/strong> Big Daddy Kane<br \/>\n<strong>Etat :<\/strong>\u00a0Neuf<br \/>\n<strong>Format :<\/strong>\u00a0Vinyle, LP, Album<br \/>\n<strong>Label :<\/strong> Warner Music Group<br \/>\n<strong>Edition :<\/strong> R\u00e9\u00e9dition 2017 Omerta 180g &#8211; Edition limit\u00e9e (300 copies) &#8211; Vinyle Violet\/Noir<br \/>\n<strong>Date de sortie :<\/strong>\u00a01988<br \/>\n<strong>Genre :<\/strong>\u00a0Hip-Hop\u00a0\/ Rap US \/ East Coast<\/p>\n","protected":false},"featured_media":71541,"comment_status":"open","ping_status":"closed","template":"","meta":{"om_disable_all_campaigns":false,"_monsterinsights_skip_tracking":false,"_monsterinsights_sitenote_active":false,"_monsterinsights_sitenote_note":"","_monsterinsights_sitenote_category":0},"product_brand":[],"product_cat":[6174,6171],"product_tag":[7705,7780,7266,5337,9091,5339,5325,7782,5326,7693,9089],"class_list":{"0":"post-71538","1":"product","2":"type-product","3":"status-publish","4":"has-post-thumbnail","6":"product_cat-east-coast","7":"product_cat-golden-age","8":"product_tag-180g","9":"product_tag-big-daddy-kane","10":"product_tag-collector","11":"product_tag-east-coast","12":"product_tag-edition-limitee","13":"product_tag-golden-age","14":"product_tag-hip-hop","15":"product_tag-long-live-the-kane","16":"product_tag-rap-us","17":"product_tag-reedition","18":"product_tag-vinyle-colore","19":"product_shipping_class-2-lp","21":"first","22":"outofstock","23":"taxable","24":"shipping-taxable","25":"purchasable","26":"product-type-simple"},"aioseo_notices":[],"_links":{"self":[{"href":"https:\/\/hiphop4life.fr\/shop\/wp-json\/wp\/v2\/product\/71538","targetHints":{"allow":["GET"]}}],"collection":[{"href":"https:\/\/hiphop4life.fr\/shop\/wp-json\/wp\/v2\/product"}],"about":[{"href":"https:\/\/hiphop4life.fr\/shop\/wp-json\/wp\/v2\/types\/product"}],"replies":[{"embeddable":true,"href":"https:\/\/hiphop4life.fr\/shop\/wp-json\/wp\/v2\/comments?post=71538"}],"wp:featuredmedia":[{"embeddable":true,"href":"https:\/\/hiphop4life.fr\/shop\/wp-json\/wp\/v2\/media\/71541"}],"wp:attachment":[{"href":"https:\/\/hiphop4life.fr\/shop\/wp-json\/wp\/v2\/media?parent=71538"}],"wp:term":[{"taxonomy":"product_brand","embeddable":true,"href":"https:\/\/hiphop4life.fr\/shop\/wp-json\/wp\/v2\/product_brand?post=71538"},{"taxonomy":"product_cat","embeddable":true,"href":"https:\/\/hiphop4life.fr\/shop\/wp-json\/wp\/v2\/product_cat?post=71538"},{"taxonomy":"product_tag","embeddable":true,"href":"https:\/\/hiphop4life.fr\/shop\/wp-json\/wp\/v2\/product_tag?post=71538"}],"curies":[{"name":"wp","href":"https:\/\/api.w.org\/{rel}","templated":true}]}}