{"id":71567,"date":"2017-03-27T17:32:27","date_gmt":"2017-03-27T15:32:27","guid":{"rendered":"http:\/\/hiphop4life.fr\/shop\/?post_type=product&#038;p=71567"},"modified":"2022-06-02T17:03:50","modified_gmt":"2022-06-02T15:03:50","slug":"beastie-boys-licensed-to-hill-vinyle","status":"publish","type":"product","link":"https:\/\/hiphop4life.fr\/shop\/produit\/beastie-boys-licensed-to-hill-vinyle\/","title":{"rendered":"Beastie Boys &#8211; Licensed To Hill [Vinyle]"},"content":{"rendered":"<div class=\"wpb-content-wrapper\"><p>[vc_row][vc_column width=\u00a0\u00bb1\/1&Prime;][vc_single_image media=\u00a0\u00bb71568&Prime; media_width_percent=\u00a0\u00bb100&Prime;][vc_column_text]<iframe src=\"https:\/\/open.spotify.com\/embed\/album\/5izHWBylmEjk1yTVPAYJWj\" width=\"300\" height=\"380\" frameborder=\"0\"><\/iframe><\/p>\n<p><strong>Tracklist<\/strong><\/p>\n<p><em>1. Rhymin &amp; Stealin<\/em><br \/>\n<em>2. The New Style<\/em><br \/>\n<em>3. She&rsquo;s Crafty<\/em><br \/>\n<em>4. Posse in Effect<\/em><br \/>\n<em>5. Slow Ride<\/em><br \/>\n<em>6. Girls<\/em><br \/>\n<em>7. (You Gotta) Fight for Your Right (To Party!)<\/em><br \/>\n<em>8. No Sleep till Brooklyn<\/em><br \/>\n<em>9. Paul Revere<\/em><br \/>\n<em>10. Hold It Now, Hit It<\/em><br \/>\n<em>11. Brass Monkey<\/em><br \/>\n<em>12. Slow and Low<\/em><br \/>\n<em>13. Time to Get Ill<\/em>[\/vc_column_text][\/vc_column][\/vc_row]<\/p>\n<\/div>","protected":false},"excerpt":{"rendered":"<p><strong>Album :<\/strong> Licensed To Hill<br \/>\n<strong>Artiste :<\/strong>\u00a0Beastie Boys<br \/>\n<strong>Etat :<\/strong>\u00a0Neuf<br \/>\n<strong>Format :<\/strong>\u00a0Vinyle, 2 LP, Album<br \/>\n<strong>Label :<\/strong>\u00a0Def Jam Recordings<br \/>\n<strong>Edition :<\/strong> R\u00e9\u00e9dition 2016 &#8211; 30\u00e8me Anniversaire<br \/>\n<strong>Date de sortie :<\/strong>\u00a01986<br \/>\n<strong>Genre :<\/strong>\u00a0Hip-Hop\u00a0\/ Rap US \/ East Coast \/ Golden Age<\/p>\n","protected":false},"featured_media":71569,"comment_status":"open","ping_status":"closed","template":"","meta":{"om_disable_all_campaigns":false,"_monsterinsights_skip_tracking":false,"_monsterinsights_sitenote_active":false,"_monsterinsights_sitenote_note":"","_monsterinsights_sitenote_category":0},"product_brand":[],"product_cat":[6174,6171],"product_tag":[7799,5337,5339,5325,7801,5326,7693,7803],"class_list":{"0":"post-71567","1":"product","2":"type-product","3":"status-publish","4":"has-post-thumbnail","6":"product_cat-east-coast","7":"product_cat-golden-age","8":"product_tag-beastie-boys","9":"product_tag-east-coast","10":"product_tag-golden-age","11":"product_tag-hip-hop","12":"product_tag-licensed-to-hill","13":"product_tag-rap-us","14":"product_tag-reedition","15":"product_tag-rick-rubin","16":"product_shipping_class-lp","18":"first","19":"instock","20":"taxable","21":"shipping-taxable","22":"purchasable","23":"product-type-simple"},"aioseo_notices":[],"_links":{"self":[{"href":"https:\/\/hiphop4life.fr\/shop\/wp-json\/wp\/v2\/product\/71567","targetHints":{"allow":["GET"]}}],"collection":[{"href":"https:\/\/hiphop4life.fr\/shop\/wp-json\/wp\/v2\/product"}],"about":[{"href":"https:\/\/hiphop4life.fr\/shop\/wp-json\/wp\/v2\/types\/product"}],"replies":[{"embeddable":true,"href":"https:\/\/hiphop4life.fr\/shop\/wp-json\/wp\/v2\/comments?post=71567"}],"wp:featuredmedia":[{"embeddable":true,"href":"https:\/\/hiphop4life.fr\/shop\/wp-json\/wp\/v2\/media\/71569"}],"wp:attachment":[{"href":"https:\/\/hiphop4life.fr\/shop\/wp-json\/wp\/v2\/media?parent=71567"}],"wp:term":[{"taxonomy":"product_brand","embeddable":true,"href":"https:\/\/hiphop4life.fr\/shop\/wp-json\/wp\/v2\/product_brand?post=71567"},{"taxonomy":"product_cat","embeddable":true,"href":"https:\/\/hiphop4life.fr\/shop\/wp-json\/wp\/v2\/product_cat?post=71567"},{"taxonomy":"product_tag","embeddable":true,"href":"https:\/\/hiphop4life.fr\/shop\/wp-json\/wp\/v2\/product_tag?post=71567"}],"curies":[{"name":"wp","href":"https:\/\/api.w.org\/{rel}","templated":true}]}}