{"id":71787,"date":"2016-07-22T18:30:36","date_gmt":"2016-07-22T16:30:36","guid":{"rendered":"http:\/\/hiphop4life.fr\/shop\/?post_type=product&#038;p=71787"},"modified":"2022-01-17T16:05:22","modified_gmt":"2022-01-17T15:05:22","slug":"pete-rock-cl-soul-survivor-vinyle","status":"publish","type":"product","link":"https:\/\/hiphop4life.fr\/shop\/produit\/pete-rock-cl-soul-survivor-vinyle\/","title":{"rendered":"Pete Rock &#8211; Soul Survivor [Vinyle Deluxe \u00ab\u00a0Chocolate Boy\u00a0\u00bb Edition]"},"content":{"rendered":"<div class=\"wpb-content-wrapper\"><p>[vc_row][vc_column width=\u00a0\u00bb1\/1&Prime;][vc_column_text]<strong>Nature Sounds<\/strong> propose une r\u00e9\u00e9dition de l&rsquo;album solo du l\u00e9gendaire producteur <strong>Pete Rock<\/strong>, <em><strong>Soul Survivor<\/strong><\/em>, press\u00e9 pour la premi\u00e8re fois sur 2 vinyles couleur chocolat avec en bonus un vinyle de 4 instrumentaux in\u00e9dits.<\/p>\n<p><em><strong>Soul Survivor<\/strong><\/em> invite tous les g\u00e9ants du rap East Coast de l&rsquo;\u00e9poque pour kicker sur les samples vintage du Soul Brother #1 : <strong>Black Thought<\/strong>, <strong>Ghostface Killah<\/strong>, <strong>Raekwon<\/strong>, <strong>Big Pun<\/strong>, <strong>Heavy D<\/strong>, <strong>Kool G Rap<\/strong>, <strong>Inspectah Deck<\/strong> et plein d&rsquo;autres.<br \/>\nAvec seulement <strong>1 000 copies<\/strong> press\u00e9es, c&rsquo;est un must-have pour les fans du son <strong>East Coast<\/strong> du <strong>Golden Age<\/strong>\u00a0![\/vc_column_text][vc_single_image media=\u00a0\u00bb71788&Prime; media_width_percent=\u00a0\u00bb100&Prime;][vc_column_text]<iframe src=\"https:\/\/embed.spotify.com\/?uri=spotify%3Aalbum%3A6aUbIlHtJf14LG1bdy8caf\" width=\"300\" height=\"380\" frameborder=\"0\"><\/iframe><\/p>\n<p><strong>Tracklist<\/strong><\/p>\n<p><em><strong>1<\/strong>. Soul Survivor Intro<\/em><br \/>\n<em><strong>2<\/strong>. Tru Master (feat.\u00a0<strong>Kurupt<\/strong>\u00a0and\u00a0<strong>Inspectah Deck<\/strong>)<\/em><br \/>\n<em><strong>3<\/strong>. Half Man Half Amazin (feat.\u00a0<strong>Method Man<\/strong>)<\/em><br \/>\n<em><strong>4<\/strong>. Respect Mine (feat.\u00a0<strong>O.C.<\/strong>)<\/em><br \/>\n<em><strong>5<\/strong>. The Game (feat.\u00a0<strong>Raekwon<\/strong>,\u00a0<strong>Prodigy<\/strong>, and\u00a0<strong>Ghostface Killah<\/strong>)<\/em><br \/>\n<em><strong>6<\/strong>. #1 Soul Brother<\/em><br \/>\n<em><strong>7<\/strong>. Rock Steady Part II (feat.\u00a0<strong>Lord Tariq<\/strong>\u00a0and\u00a0<strong>Peter Gunz<\/strong>)<\/em><br \/>\n<em><strong>8<\/strong>. Truly Yours 98 (feat.\u00a0<strong>Kool G Rap<\/strong>\u00a0and\u00a0<strong>Large Professor<\/strong>)<\/em><br \/>\n<em><strong>9<\/strong>. It\u2019s About That Time (feat.\u00a0<strong>Black Thought<\/strong>\u00a0and\u00a0<strong>Rob-O<\/strong>)<\/em><br \/>\n<em><strong>10<\/strong>. One Life To Live (feat.\u00a0<strong>MC Eiht<\/strong>)<\/em><br \/>\n<em><strong>11<\/strong>. Take Your Time (feat.\u00a0<strong>Carl McIntosh<\/strong>\u00a0and\u00a0<strong>Jane Eugene<\/strong>)<\/em><br \/>\n<em><strong>12<\/strong>. Mind Blowin\u2019 (feat.\u00a0<strong>Vinia Mojica<\/strong>)<\/em><br \/>\n<em><strong>13<\/strong>. Soul Survivor (feat.\u00a0<strong>Miss Jones<\/strong>)<\/em><br \/>\n<em><strong>14<\/strong>. Da Two (feat.\u00a0<strong>CL Smooth<\/strong>)<\/em><br \/>\n<em><strong>15<\/strong>. Verbal Murder 2 (feat.\u00a0<strong>Common<\/strong>,\u00a0<strong>Big Pun<\/strong>, and\u00a0<strong>Noreaga<\/strong>)<\/em><br \/>\n<em><strong>16<\/strong>. Strange Fruit (feat.\u00a0<strong>Sticky Fingaz<\/strong>,\u00a0<strong>Cappadonna<\/strong>, and\u00a0<strong>Tragedy Khadafi<\/strong>)<\/em><br \/>\n<em><strong>17<\/strong>. Massive (Hold Tight) (feat.\u00a0<strong>Heavy D<\/strong>\u00a0and\u00a0<strong>Beenie Man<\/strong>)<\/em><\/p>\n<hr \/>\n<p><strong>7\u2033<\/strong><br \/>\n<em><strong>A1<\/strong>. Tru Master (Instrumental)<\/em><br \/>\n<em><strong>A2<\/strong>. Tha Game (Instrumental)<\/em><br \/>\n<em><strong>B1<\/strong>. One Life To Live (Instrumental)<\/em><br \/>\n<em><strong>B2<\/strong>. Take Your Time (Instrumental)<\/em>[\/vc_column_text][\/vc_column][\/vc_row]<\/p>\n<\/div>","protected":false},"excerpt":{"rendered":"<p><strong>Album :<\/strong>\u00a0Soul Survivor<br \/>\n<strong>Artiste :<\/strong> Pete Rock<br \/>\n<strong>Etat :<\/strong>\u00a0Neuf<br \/>\n<strong>Format :<\/strong>\u00a0Vinyle, 3 LP, Album<br \/>\n<strong>Label :<\/strong>\u00a0Nature Sounds<br \/>\n<strong>Edition :<\/strong>\u00a0R\u00e9\u00e9dition Limit\u00e9e 2015 \u00ab\u00a0Chocolate Boy\u00a0\u00bb &#8211; 3 vinyles marrons + 4 instrumentaux in\u00e9dits &#8211; 1 000 copies<br \/>\n<strong>Date de sortie :<\/strong>\u00a02016<br \/>\n<strong>Genre :<\/strong>\u00a0Hip-Hop \/ Rap US \/ Jazz Rap \/ East Coast<\/p>\n","protected":false},"featured_media":71789,"comment_status":"open","ping_status":"closed","template":"","meta":{"om_disable_all_campaigns":false,"_monsterinsights_skip_tracking":false,"_monsterinsights_sitenote_active":false,"_monsterinsights_sitenote_note":"","_monsterinsights_sitenote_category":0},"product_brand":[],"product_cat":[6174,6171],"product_tag":[7266,5337,5339,5325,6131,5948,5326,7693,7995,6986],"class_list":{"0":"post-71787","1":"product","2":"type-product","3":"status-publish","4":"has-post-thumbnail","6":"product_cat-east-coast","7":"product_cat-golden-age","8":"product_tag-collector","9":"product_tag-east-coast","10":"product_tag-golden-age","11":"product_tag-hip-hop","12":"product_tag-jazz-rap","13":"product_tag-pete-rock","14":"product_tag-rap-us","15":"product_tag-reedition","16":"product_tag-soul-survivor","17":"product_tag-underground-fr","18":"product_shipping_class-3-lp","20":"first","21":"outofstock","22":"taxable","23":"shipping-taxable","24":"purchasable","25":"product-type-simple"},"aioseo_notices":[],"_links":{"self":[{"href":"https:\/\/hiphop4life.fr\/shop\/wp-json\/wp\/v2\/product\/71787","targetHints":{"allow":["GET"]}}],"collection":[{"href":"https:\/\/hiphop4life.fr\/shop\/wp-json\/wp\/v2\/product"}],"about":[{"href":"https:\/\/hiphop4life.fr\/shop\/wp-json\/wp\/v2\/types\/product"}],"replies":[{"embeddable":true,"href":"https:\/\/hiphop4life.fr\/shop\/wp-json\/wp\/v2\/comments?post=71787"}],"wp:featuredmedia":[{"embeddable":true,"href":"https:\/\/hiphop4life.fr\/shop\/wp-json\/wp\/v2\/media\/71789"}],"wp:attachment":[{"href":"https:\/\/hiphop4life.fr\/shop\/wp-json\/wp\/v2\/media?parent=71787"}],"wp:term":[{"taxonomy":"product_brand","embeddable":true,"href":"https:\/\/hiphop4life.fr\/shop\/wp-json\/wp\/v2\/product_brand?post=71787"},{"taxonomy":"product_cat","embeddable":true,"href":"https:\/\/hiphop4life.fr\/shop\/wp-json\/wp\/v2\/product_cat?post=71787"},{"taxonomy":"product_tag","embeddable":true,"href":"https:\/\/hiphop4life.fr\/shop\/wp-json\/wp\/v2\/product_tag?post=71787"}],"curies":[{"name":"wp","href":"https:\/\/api.w.org\/{rel}","templated":true}]}}