{"id":71812,"date":"2016-12-06T15:07:58","date_gmt":"2016-12-06T14:07:58","guid":{"rendered":"http:\/\/hiphop4life.fr\/shop\/?post_type=product&#038;p=71812"},"modified":"2022-01-17T16:01:39","modified_gmt":"2022-01-17T15:01:39","slug":"big-krit-4-eva-is-a-mighty-long-time-vinyle-dedicace","status":"publish","type":"product","link":"https:\/\/hiphop4life.fr\/shop\/produit\/big-krit-4-eva-is-a-mighty-long-time-vinyle-dedicace\/","title":{"rendered":"Big K.R.I.T. &#8211; 4Eva Is a Mighty Long Time [Vinyle Dor\u00e9 D\u00e9dicac\u00e9]"},"content":{"rendered":"<div class=\"wpb-content-wrapper\"><p>[vc_row][vc_column width=\u00a0\u00bb1\/1&Prime;][vc_column_text]<strong>Extrait de la chronique Hip-Hop 4 Life :<\/strong><\/p>\n<p>[&#8230;] Souvent compar\u00e9 \u00e0\u00a0<strong>Pimp C<\/strong>,\u00a0<strong>Big K.R.I.T.<\/strong>\u00a0est fier de ses racines et on retrouve \u00e9videmment cet ADN dans sa musique : ces \u00ab\u00a0sub\u00a0\u00bb bondissants, ces guitares, ces samples soul, cette orgue poss\u00e9d\u00e9e, cette 808 insaisissable, ces r\u00e9f\u00e9rences au Sud et \u00e0 ses l\u00e9gendes, ces refrains \u00ab\u00a0chopped &amp; screwed\u00a0\u00bb, cet accent si reconnaissable\u2026 mais il n\u2019est pas seulement un des derniers repr\u00e9sentants de ce \u00ab\u00a0Country Rap\u00a0\u00bb old school, il est aussi l\u2019un des rappeurs les plus talentueux de sa g\u00e9n\u00e9ration.<em>\u00a0<\/em>[&#8230;]<\/p>\n\n<p><strong>Tracklist<\/strong><\/p>\n<p>Disque 1 :\u00a0Big K.R.I.T.<\/p>\n<p><em>1. \u00ab\u00a0Big K.R.I.T.\u00a0\u00bb<\/em><br \/>\n<em>2. \u00ab\u00a0Confetti\u00a0\u00bb <\/em><br \/>\n<em>3. \u00ab\u00a0Big Bank\u00a0\u00bb\u00a0(featuring\u00a0T.I.) <\/em><br \/>\n<em>4. \u00ab\u00a0Subenstein (My Sub IV)\u00a0\u00bb <\/em><br \/>\n<em>5. \u00ab\u00a01999\u00a0\u00bb\u00a0(featuring\u00a0Lloyd) <\/em><br \/>\n<em>6. \u00ab\u00a0Ride Wit Me\u00a0\u00bb\u00a0(featuring\u00a0Bun B\u00a0and\u00a0Pimp C)<\/em><br \/>\n<em>7. \u00ab\u00a0Get Up 2 Come Down\u00a0\u00bb\u00a0(featuring\u00a0CeeLo Green\u00a0and\u00a0Sleepy Brown) <\/em><br \/>\n<em>8. \u00ab\u00a0Layup\u00a0\u00bb<\/em><br \/>\n<em>9. \u00ab\u00a0Classic Interlude\u00a0\u00bb<\/em><br \/>\n<em>10. \u00ab\u00a0Aux Cord\u00a0\u00bb <\/em><br \/>\n<em>11. \u00ab\u00a0Get Away\u00a0\u00bb<\/em><\/p>\n<p>Disque 2 :\u00a0Justin Scott<\/p>\n<p><em>1. \u00ab\u00a0Justin Scott\u00a0\u00bb <\/em><br \/>\n<em>2. \u00ab\u00a0Mixed Messages\u00a0\u00bb <\/em><br \/>\n<em>3. \u00ab\u00a0Keep the Devil Off\u00a0\u00bb<\/em><br \/>\n<em>4. \u00ab\u00a0Miss Georgia Fornia\u00a0\u00bb\u00a0(featuring\u00a0Joi) <\/em><br \/>\n<em>5. \u00ab\u00a0Everlasting\u00a0\u00bb <\/em><br \/>\n<em>6. \u00ab\u00a0Higher Calling\u00a0\u00bb\u00a0(featuring\u00a0Jill Scott) <\/em><br \/>\n<em>7. \u00ab\u00a0Weekend Interlude\u00a0\u00bb<\/em><br \/>\n<em>8. \u00ab\u00a0Price of Fame\u00a0\u00bb <\/em><br \/>\n<em>9. \u00ab\u00a0Drinking Sessions\u00a0\u00bb\u00a0(featuring\u00a0Keyon Harrold) <\/em><br \/>\n<em>10. \u00ab\u00a0The Light\u00a0\u00bb\u00a0(featuring\u00a0Bilal,\u00a0Robert Glasper, Kenneth Whalum and Burniss Earl Travis II) <\/em><br \/>\n<em>11. \u00ab\u00a0Bury Me In Gold\u00a0\u00bb<\/em><\/p>\n<p>Les meilleurs sons de Big K.R.I.T. \u00e0 \u00e9couter dans la playlist Hip-Hop 4 Life :\u00a0<a href=\"http:\/\/hiphop4life.fr\/chroniques\/playlists\/\">Dirty South<\/a>.[\/vc_column_text][\/vc_column][\/vc_row]<\/p>\n<\/div>","protected":false},"excerpt":{"rendered":"<p><strong>La version non d\u00e9dicac\u00e9e dispo <a href=\"http:\/\/hiphop4life.fr\/shop\/produit\/big-k-r-i-t-4eva-is-a-mighty-long-time-vinyle\/\">ici<\/a>.<br \/>\n<\/strong><strong><br \/>\nAlbum :<\/strong> 4Eva Is a Mighty Long Time [Vinyle D\u00e9dicac\u00e9]<br \/>\n<strong>Artiste :<\/strong> Big K.R.I.T.<br \/>\n<strong>Etat :<\/strong>\u00a0Neuf<br \/>\n<strong>Format :<\/strong>\u00a0Vinyle, 2 LP, Album<br \/>\n<strong>Label :<\/strong> Multi Alumni &#8211; BMG<br \/>\n<strong>Edition :<\/strong> Originale &#8211; Vinyle Dor\u00e9<br \/>\n<strong>Date de sortie :<\/strong>\u00a02017<br \/>\n<strong>Genre :<\/strong>\u00a0Hip-Hop \/ Rap US \/ Dirty South \/ Underground<\/p>\n","protected":false},"featured_media":71832,"comment_status":"open","ping_status":"closed","template":"","meta":{"om_disable_all_campaigns":false,"_monsterinsights_skip_tracking":false,"_monsterinsights_sitenote_active":false,"_monsterinsights_sitenote_note":"","_monsterinsights_sitenote_category":0},"product_brand":[],"product_cat":[6176,9206],"product_tag":[8016,7339,7266,7719,5372,8273,5325,5855,7701,5326,6986,9089],"class_list":{"0":"post-71812","1":"product","2":"type-product","3":"status-publish","4":"has-post-thumbnail","6":"product_cat-dirty-south","7":"product_cat-new-school","8":"product_tag-4eva-is-a-mighty-long-time","9":"product_tag-big-krit","10":"product_tag-collector","11":"product_tag-dedicace","12":"product_tag-dirty-south","13":"product_tag-hh4l-awards-2017-fr","14":"product_tag-hip-hop","15":"product_tag-new-school","16":"product_tag-original","17":"product_tag-rap-us","18":"product_tag-underground-fr","19":"product_tag-vinyle-colore","20":"product_shipping_class-2-lp","22":"first","23":"outofstock","24":"taxable","25":"shipping-taxable","26":"purchasable","27":"product-type-simple"},"aioseo_notices":[],"_links":{"self":[{"href":"https:\/\/hiphop4life.fr\/shop\/wp-json\/wp\/v2\/product\/71812","targetHints":{"allow":["GET"]}}],"collection":[{"href":"https:\/\/hiphop4life.fr\/shop\/wp-json\/wp\/v2\/product"}],"about":[{"href":"https:\/\/hiphop4life.fr\/shop\/wp-json\/wp\/v2\/types\/product"}],"replies":[{"embeddable":true,"href":"https:\/\/hiphop4life.fr\/shop\/wp-json\/wp\/v2\/comments?post=71812"}],"wp:featuredmedia":[{"embeddable":true,"href":"https:\/\/hiphop4life.fr\/shop\/wp-json\/wp\/v2\/media\/71832"}],"wp:attachment":[{"href":"https:\/\/hiphop4life.fr\/shop\/wp-json\/wp\/v2\/media?parent=71812"}],"wp:term":[{"taxonomy":"product_brand","embeddable":true,"href":"https:\/\/hiphop4life.fr\/shop\/wp-json\/wp\/v2\/product_brand?post=71812"},{"taxonomy":"product_cat","embeddable":true,"href":"https:\/\/hiphop4life.fr\/shop\/wp-json\/wp\/v2\/product_cat?post=71812"},{"taxonomy":"product_tag","embeddable":true,"href":"https:\/\/hiphop4life.fr\/shop\/wp-json\/wp\/v2\/product_tag?post=71812"}],"curies":[{"name":"wp","href":"https:\/\/api.w.org\/{rel}","templated":true}]}}