{"id":71842,"date":"2016-12-07T16:27:48","date_gmt":"2016-12-07T15:27:48","guid":{"rendered":"http:\/\/hiphop4life.fr\/shop\/?post_type=product&#038;p=71842"},"modified":"2022-01-17T16:01:36","modified_gmt":"2022-01-17T15:01:36","slug":"wu-tang-clan-wu-tang-forever-vinyle-box-edition-limitee","status":"publish","type":"product","link":"https:\/\/hiphop4life.fr\/shop\/produit\/wu-tang-clan-wu-tang-forever-vinyle-box-edition-limitee\/","title":{"rendered":"Wu-Tang Clan &#8211; The Saga Continues [Box Edition Limit\u00e9e]"},"content":{"rendered":"<div class=\"wpb-content-wrapper\"><p>[vc_row][vc_column width=\u00a0\u00bb1\/1&Prime;][vc_column_text]<strong>Extrait de la chronique Hip-Hop 4 Life :<\/strong><\/p>\n<p>[&#8230;]\u00a0<em>Responsable de la cr\u00e9ation du fameux logo\u00a0<strong>W<\/strong>\u00a0et DJ historique du groupe,\u00a0<strong>Mathematics<\/strong>\u00a0est garant du son signature du\u00a0<strong>Wu<\/strong>, pas de r\u00e9volution musicale mais on est enfin en territoire connu, nous comme les rappeurs, tout le monde joue enfin \u00e0 son poste et retrouve avec plaisir et nostalgie les dialogues de films de kung-fu, les pianos dissonants, les samples d\u00e9coup\u00e9s au katana et les drums crades de New-York.<\/em> [&#8230;]<\/p>\n<p>La chronique compl\u00e8te \u00e0 lire <a href=\"http:\/\/hiphop4life.fr\/chroniques\/wu-tang-the-saga-continues-chronique\/\">ici<\/a>.[\/vc_column_text][vc_single_image media=\u00a0\u00bb71843&Prime; media_width_percent=\u00a0\u00bb100&Prime;][vc_column_text]<iframe src=\"https:\/\/embed.spotify.com\/?uri=spotify%3Aalbum%3A3g8KDFecnLPa6YiBdHTl8K\" width=\"300\" height=\"380\" frameborder=\"0\"><\/iframe><\/p>\n<p><strong>Tracklist<\/strong><\/p>\n<p><em>1. Wu-Tang The Saga Continues Intro ft. RZA<\/em><br \/>\n<em>2. Lesson Learn&rsquo;d ft. Inspektah Deck And Redman<\/em><br \/>\n<em>3. Fast And Furious ft. Hue Hef and Raekwon<\/em><br \/>\n<em>4. Famous Fighters (Skit)<\/em><br \/>\n<em>5. If Time Is Money (Fly Navigation) ft Method Man<\/em><br \/>\n<em>6. Frozen ft. Method man, Killa Priest and Chris Rivers<\/em><br \/>\n<em>7. Berto And The Fiend (Skit) ft. Ghostface Killah<\/em><br \/>\n<em>8. Pearl Harbor ft Ghostface Killah, Method Man, RZA and Sean P<\/em><br \/>\n<em>9. People Say Wu-Tang Clan ft. Redman<\/em><br \/>\n<em>10. Family (Skit)<\/em><br \/>\n<em>11. Why Why Why ft. RZA and Swnkah<\/em><br \/>\n<em>12. G&rsquo;d Up ft. Method Man, R-Mean and Mzee Jones<\/em><br \/>\n<em>13. If What You Say Is True Wu-Tang Clan ft Streetlife<\/em><br \/>\n<em>14. Saga (Skit) ft. RZA<\/em><br \/>\n<em>15. Hood Go Bang! Ft. Redman and Method Man<\/em><br \/>\n<em>16. My Only One ft. Ghostface Killah, RZA, Cappadonna and Steve<\/em><br \/>\n<em>17. Message<\/em><br \/>\n<em>18. The Sage Continues Outro ft. RZA<\/em><\/p>\n<p>Tous les classiques du <strong>Wu<\/strong> sont \u00e0 retrouver dans la playlist Hip-Hop 4 Life : <a href=\"http:\/\/hiphop4life.fr\/chroniques\/playlists\/\">36 Chambers<\/a>.[\/vc_column_text][\/vc_column][\/vc_row]<\/p>\n<\/div>","protected":false},"excerpt":{"rendered":"<div class=\"headline\">\n<p>INCLUS DANS LA BOX :<\/p>\n<\/div>\n<ul>\n<li><i class=\"icon fa fa-angle-right\"><\/i>\u00a01\u00a0<span class=\"text\">CD<\/span><\/li>\n<li><i class=\"icon fa fa-angle-right\"><\/i>\u00a01\u00a0<span class=\"text\">CD Instrumental<\/span><\/li>\n<li><i class=\"icon fa fa-angle-right\"><\/i>\u00a02 Vinyles violets<\/li>\n<li><i class=\"icon fa fa-angle-right\"><\/i>\u00a01\u00a0<span class=\"text\">T-Shirt (Taille unique)<\/span><\/li>\n<li><i class=\"icon fa fa-angle-right\"><\/i>\u00a01\u00a0<span class=\"text\">Poster<\/span><\/li>\n<li><i class=\"icon fa fa-angle-right\"><\/i>\u00a0<span class=\"text\">1 Papier \u00e0 rouler<\/span><\/li>\n<li><i class=\"icon fa fa-angle-right\"><\/i>\u00a0<span class=\"text\">1 Box \u00e9dition limit\u00e9e<\/span><\/li>\n<\/ul>\n<p><strong>Album :<\/strong> The Saga Continues<br \/>\n<strong>Artiste :<\/strong>\u00a0Wu-Tang Clan<br \/>\n<strong>Etat :<\/strong>\u00a0Neuf<br \/>\n<strong>Format :<\/strong>\u00a0Vinyle, Box, 2 LP, 2 CD + T-Shirt, Poster &amp; Rolling Papers<br \/>\n<strong>Label :<\/strong> Eone Entertainment<br \/>\n<strong>Edition :<\/strong>\u00a0Originale &#8211; Box Set Edition Limit\u00e9e<br \/>\n<strong>Date de sortie :<\/strong>\u00a02017<br \/>\n<strong>Genre :<\/strong>\u00a0Hip-Hop \/ Rap US \/\u00a0East Coast \/ Hardcore<\/p>\n","protected":false},"featured_media":71844,"comment_status":"open","ping_status":"closed","template":"","meta":{"om_disable_all_campaigns":false,"_monsterinsights_skip_tracking":false,"_monsterinsights_sitenote_active":false,"_monsterinsights_sitenote_note":"","_monsterinsights_sitenote_category":0},"product_brand":[],"product_cat":[6174],"product_tag":[8022,7266,5337,5871,5325,5326,8024,5868],"class_list":{"0":"post-71842","1":"product","2":"type-product","3":"status-publish","4":"has-post-thumbnail","6":"product_cat-east-coast","7":"product_tag-box","8":"product_tag-collector","9":"product_tag-east-coast","10":"product_tag-hardcore","11":"product_tag-hip-hop","12":"product_tag-rap-us","13":"product_tag-the-saga-continues","14":"product_tag-wu-tang-clan","15":"product_shipping_class-4-lp","17":"first","18":"outofstock","19":"taxable","20":"shipping-taxable","21":"purchasable","22":"product-type-simple"},"aioseo_notices":[],"_links":{"self":[{"href":"https:\/\/hiphop4life.fr\/shop\/wp-json\/wp\/v2\/product\/71842","targetHints":{"allow":["GET"]}}],"collection":[{"href":"https:\/\/hiphop4life.fr\/shop\/wp-json\/wp\/v2\/product"}],"about":[{"href":"https:\/\/hiphop4life.fr\/shop\/wp-json\/wp\/v2\/types\/product"}],"replies":[{"embeddable":true,"href":"https:\/\/hiphop4life.fr\/shop\/wp-json\/wp\/v2\/comments?post=71842"}],"wp:featuredmedia":[{"embeddable":true,"href":"https:\/\/hiphop4life.fr\/shop\/wp-json\/wp\/v2\/media\/71844"}],"wp:attachment":[{"href":"https:\/\/hiphop4life.fr\/shop\/wp-json\/wp\/v2\/media?parent=71842"}],"wp:term":[{"taxonomy":"product_brand","embeddable":true,"href":"https:\/\/hiphop4life.fr\/shop\/wp-json\/wp\/v2\/product_brand?post=71842"},{"taxonomy":"product_cat","embeddable":true,"href":"https:\/\/hiphop4life.fr\/shop\/wp-json\/wp\/v2\/product_cat?post=71842"},{"taxonomy":"product_tag","embeddable":true,"href":"https:\/\/hiphop4life.fr\/shop\/wp-json\/wp\/v2\/product_tag?post=71842"}],"curies":[{"name":"wp","href":"https:\/\/api.w.org\/{rel}","templated":true}]}}