{"id":72452,"date":"2016-03-16T17:39:07","date_gmt":"2016-03-16T16:39:07","guid":{"rendered":"http:\/\/hiphop4life.fr\/shop\/?post_type=product&#038;p=72452"},"modified":"2022-01-17T16:17:18","modified_gmt":"2022-01-17T15:17:18","slug":"mf-doom-operation-doomsday-the-7-collection-vinyle","status":"publish","type":"product","link":"https:\/\/hiphop4life.fr\/shop\/produit\/mf-doom-operation-doomsday-the-7-collection-vinyle\/","title":{"rendered":"MF Doom &#8211; Operation Doomsday [The 7&Prime; Collection Box]"},"content":{"rendered":"<div class=\"wpb-content-wrapper\"><p>[vc_row][vc_column width=\u00a0\u00bb1\/1&Prime;][vc_single_image media=\u00a0\u00bb70763&Prime; media_width_percent=\u00a0\u00bb100&Prime;][vc_column_text]<iframe src=\"https:\/\/open.spotify.com\/embed\/album\/4UG3kz6qoHtNI1glQ2wdon\" width=\"300\" height=\"380\" frameborder=\"0\"><\/iframe><\/p>\n<p><strong>Tracklist<\/strong><\/p>\n<p><em>1. The Time We Faced Doom (Skit)<\/em><br \/>\n<em>2. Doomsday (Ft. Pebbles the Invisible Girl)<\/em><br \/>\n<em>3. Rhymes Like Dimes (Ft. DJ Cucumber Slice)<\/em><br \/>\n<em>4. The Finest (Ft. Tommy Gunn)<\/em><br \/>\n<em>5. Back in the Days (Skit)<\/em><br \/>\n<em>6. Go with the Flow<\/em><br \/>\n<em>7. Tick, Tick\u2026 (Ft. MF Grimm)<\/em><br \/>\n<em>8. Red and Gold (Ft. King Geedorah)<\/em><br \/>\n<em>9. The Hands of Doom (Skit)<\/em><br \/>\n<em>10. Who You Think I Am? (Ft. King Ceasar, Rodan, Megalon, Kamackeris, King Geedorah, and Kong)<\/em><br \/>\n<em>11. Doom, Are You Awake? (Skit)<\/em><br \/>\n<em>12. Hey!<\/em><br \/>\n<em>13. Operation: Greenbacks (Ft. Megalon)<\/em><br \/>\n<em>14. The Mic (Ft. Pebbles the Invisible Girl)<\/em><br \/>\n<em>15. The Mystery of Doom (Skit)<\/em><br \/>\n<em>16. Dead Bent<\/em><br \/>\n<em>17. Gas Drawls<\/em><br \/>\n<em>18. ? (Ft. Kurious)<\/em><br \/>\n<em>19. Hero vs. Villain (Epilogue) (Ft. E. Mason)<\/em><\/p>\n<p>Les meilleurs sons de MF Doom sont \u00e0 retrouver dans la playlist Hip-Hop 4 Life : <a href=\"http:\/\/hiphop4life.fr\/chroniques\/playlists\/\">Live From The Underground<\/a>[\/vc_column_text][\/vc_column][\/vc_row]<\/p>\n<\/div>","protected":false},"excerpt":{"rendered":"<p><strong>INCLUS DANS LA BOX :<\/strong><\/p>\n<p><em>\u2022 Sept vinyles 7&Prime;, chacun dans une couleur diff\u00e9rente<\/em><br \/>\n<em>\u2022 Box en similicuir noir personnalis\u00e9e avec images argent\u00e9es du c\u00e9l\u00e8bre masque et logo de DOOM<\/em><br \/>\n<em>\u2022 Deux adaptateurs 45 DOOM argent\u00e9s in\u00e9dits<\/em><br \/>\n<em>\u2022 Chaque vinyle a une pochette personnalis\u00e9e design\u00e9e par le l\u00e9gendaire graffeur Lord Scotch (Blake Lethem), qui a dessin\u00e9 la couver d&rsquo;Operation: Doomsday<\/em><br \/>\n<em>\u2022 \u00c9dition limit\u00e9e \u00e0 1 500 exemplaires dans le monde.<br \/>\n<\/em><strong><br \/>\nAlbum :<\/strong> Operation Doomsday [The 7&Prime; Collection Box]<br \/>\n<strong>Artiste :<\/strong> MF Doom<br \/>\n<strong>Etat :<\/strong>\u00a0Neuf<br \/>\n<strong>Format :<\/strong>\u00a0Box, Vinyle 7&Prime;<br \/>\n<strong>Label :<\/strong> Metal Face<br \/>\n<strong>Edition :<\/strong> R\u00e9\u00e9dition Deluxe 2018 &#8211; Get On Down<br \/>\n<strong>Date de sortie :<\/strong>\u00a01999<br \/>\n<strong>Genre :<\/strong>\u00a0Hip-Hop\u00a0\/ Rap US \/ Underground<\/p>\n","protected":false},"featured_media":72456,"comment_status":"open","ping_status":"closed","template":"","meta":{"om_disable_all_campaigns":false,"_monsterinsights_skip_tracking":false,"_monsterinsights_sitenote_active":false,"_monsterinsights_sitenote_note":"","_monsterinsights_sitenote_category":0},"product_brand":[],"product_cat":[6171,8053],"product_tag":[8022,7266,5339,5325,6997,7223,7056,5326,7693,6986],"class_list":{"0":"post-72452","1":"product","2":"type-product","3":"status-publish","4":"has-post-thumbnail","6":"product_cat-golden-age","7":"product_cat-uk","8":"product_tag-box","9":"product_tag-collector","10":"product_tag-golden-age","11":"product_tag-hip-hop","12":"product_tag-mf-doom","13":"product_tag-operation-doomsday","14":"product_tag-rap-uk","15":"product_tag-rap-us","16":"product_tag-reedition","17":"product_tag-underground-fr","18":"product_shipping_class-4-lp","20":"first","21":"outofstock","22":"taxable","23":"shipping-taxable","24":"purchasable","25":"product-type-simple"},"aioseo_notices":[],"_links":{"self":[{"href":"https:\/\/hiphop4life.fr\/shop\/wp-json\/wp\/v2\/product\/72452","targetHints":{"allow":["GET"]}}],"collection":[{"href":"https:\/\/hiphop4life.fr\/shop\/wp-json\/wp\/v2\/product"}],"about":[{"href":"https:\/\/hiphop4life.fr\/shop\/wp-json\/wp\/v2\/types\/product"}],"replies":[{"embeddable":true,"href":"https:\/\/hiphop4life.fr\/shop\/wp-json\/wp\/v2\/comments?post=72452"}],"wp:featuredmedia":[{"embeddable":true,"href":"https:\/\/hiphop4life.fr\/shop\/wp-json\/wp\/v2\/media\/72456"}],"wp:attachment":[{"href":"https:\/\/hiphop4life.fr\/shop\/wp-json\/wp\/v2\/media?parent=72452"}],"wp:term":[{"taxonomy":"product_brand","embeddable":true,"href":"https:\/\/hiphop4life.fr\/shop\/wp-json\/wp\/v2\/product_brand?post=72452"},{"taxonomy":"product_cat","embeddable":true,"href":"https:\/\/hiphop4life.fr\/shop\/wp-json\/wp\/v2\/product_cat?post=72452"},{"taxonomy":"product_tag","embeddable":true,"href":"https:\/\/hiphop4life.fr\/shop\/wp-json\/wp\/v2\/product_tag?post=72452"}],"curies":[{"name":"wp","href":"https:\/\/api.w.org\/{rel}","templated":true}]}}