{"id":76463,"date":"2022-01-10T16:00:57","date_gmt":"2022-01-10T15:00:57","guid":{"rendered":"http:\/\/hiphop4life.fr\/shop\/?post_type=product&#038;p=76463"},"modified":"2023-04-04T17:18:43","modified_gmt":"2023-04-04T15:18:43","slug":"2-pac-2-pacalypse-now-vinyle","status":"publish","type":"product","link":"https:\/\/hiphop4life.fr\/shop\/produit\/2-pac-2-pacalypse-now-vinyle\/","title":{"rendered":"2 Pac &#8211; 2 Pacalypse Now [Vinyle 25\u00e8me Anniversaire]"},"content":{"rendered":"<div class=\"wpb-content-wrapper\"><p>[vc_row][vc_column width=\u00a0\u00bb1\/1&Prime;][vc_single_image media=\u00a0\u00bb76478&Prime; media_width_percent=\u00a0\u00bb100&Prime;][vc_column_text]<iframe src=\"https:\/\/open.spotify.com\/embed\/album\/5Ijk8JGsEkwCZd5i0Iy09a\" width=\"300\" height=\"380\" frameborder=\"0\"><\/iframe><\/p>\n<p><strong>Tracklist<\/strong><\/p>\n<p><em>1. \u00ab\u00a0Young Black Male\u00a0\u00bb<br \/>\n2. \u00ab\u00a0Trapped\u00a0\u00bb\u00a0(featuring\u00a0Shock G)<br \/>\n3. \u00ab\u00a0Soulja&rsquo;s Story\u00a0\u00bb<br \/>\n4. \u00ab\u00a0I Don&rsquo;t Give a Fuck\u00a0\u00bb\u00a0(featuring Pogo)<br \/>\n5. \u00ab\u00a0Violent\u00a0\u00bb<br \/>\n6. \u00ab\u00a0Words of Wisdom\u00a0\u00bb<br \/>\n7. \u00ab\u00a0Something Wicked\u00a0\u00bb\u00a0(featuring Pee-Wee)<br \/>\n8. \u00ab\u00a0Crooked Ass Nigga\u00a0\u00bb\u00a0(featuring\u00a0Stretch)<br \/>\n9. \u00ab\u00a0If My Homie Calls\u00a0\u00bb<br \/>\n10. \u00ab\u00a0Brenda&rsquo;s Got a Baby\u00a0\u00bb\u00a0(featuring\u00a0Dave Hollister)<br \/>\n11. \u00ab\u00a0Tha&rsquo; Lunatic\u00a0\u00bb\u00a0(featuring\u00a0Stretch)<br \/>\n12. \u00ab\u00a0Rebel of the Underground\u00a0\u00bb<br \/>\n13. \u00ab\u00a0Part Time Mutha\u00a0\u00bb\u00a0(featuring Angelique and Poppi)<\/em><\/p>\n<p>Les meilleurs morceaux de <strong>2Pac<\/strong> sont \u00e0 \u00e9couter dans la playlist Hip-Hop 4 Life : <a href=\"http:\/\/hiphop4life.fr\/chroniques\/playlists\/\">Hit &lsquo;Em Up<\/a>.[\/vc_column_text][\/vc_column][\/vc_row]<\/p>\n<\/div>","protected":false},"excerpt":{"rendered":"<p><strong>Album :<\/strong> 2 Pacalypse Now<br \/>\n<strong>Artiste :<\/strong>\u00a02 Pac<br \/>\n<strong>Etat :<\/strong>\u00a0Neuf<br \/>\n<strong>Format :<\/strong>\u00a0Vinyle, 2 LP, Album<br \/>\n<strong>Label :<\/strong>\u00a0Interscope<br \/>\n<strong>Edition :\u00a0<\/strong>\u00c9dition 2016 25\u00e8me Anniversaire (1\u00e8re fois en vinyle) &#8211; 180g Audiophile<br \/>\n<strong>Date de sortie :<\/strong>\u00a01993<br \/>\n<strong>Genre :<\/strong>\u00a0Hip-Hop \/ Rap US \/ Gangsta Rap \/ West Coast<\/p>\n","protected":false},"featured_media":76465,"comment_status":"open","ping_status":"closed","template":"","meta":{"om_disable_all_campaigns":false,"_monsterinsights_skip_tracking":false,"_monsterinsights_sitenote_active":false,"_monsterinsights_sitenote_note":"","_monsterinsights_sitenote_category":0},"product_brand":[],"product_cat":[6171,6175],"product_tag":[7705,5323,9177,7266,5340,6110,5339,5325,7701,5326,5328],"class_list":{"0":"post-76463","1":"product","2":"type-product","3":"status-publish","4":"has-post-thumbnail","6":"product_cat-golden-age","7":"product_cat-west-coast","8":"product_tag-180g","9":"product_tag-2-pac","10":"product_tag-2-pacalypse-now","11":"product_tag-collector","12":"product_tag-g-funk","13":"product_tag-gangsta-rap","14":"product_tag-golden-age","15":"product_tag-hip-hop","16":"product_tag-original","17":"product_tag-rap-us","18":"product_tag-west-coast","19":"product_shipping_class-2-lp","21":"first","22":"instock","23":"taxable","24":"shipping-taxable","25":"purchasable","26":"product-type-simple"},"aioseo_notices":[],"_links":{"self":[{"href":"https:\/\/hiphop4life.fr\/shop\/wp-json\/wp\/v2\/product\/76463","targetHints":{"allow":["GET"]}}],"collection":[{"href":"https:\/\/hiphop4life.fr\/shop\/wp-json\/wp\/v2\/product"}],"about":[{"href":"https:\/\/hiphop4life.fr\/shop\/wp-json\/wp\/v2\/types\/product"}],"replies":[{"embeddable":true,"href":"https:\/\/hiphop4life.fr\/shop\/wp-json\/wp\/v2\/comments?post=76463"}],"wp:featuredmedia":[{"embeddable":true,"href":"https:\/\/hiphop4life.fr\/shop\/wp-json\/wp\/v2\/media\/76465"}],"wp:attachment":[{"href":"https:\/\/hiphop4life.fr\/shop\/wp-json\/wp\/v2\/media?parent=76463"}],"wp:term":[{"taxonomy":"product_brand","embeddable":true,"href":"https:\/\/hiphop4life.fr\/shop\/wp-json\/wp\/v2\/product_brand?post=76463"},{"taxonomy":"product_cat","embeddable":true,"href":"https:\/\/hiphop4life.fr\/shop\/wp-json\/wp\/v2\/product_cat?post=76463"},{"taxonomy":"product_tag","embeddable":true,"href":"https:\/\/hiphop4life.fr\/shop\/wp-json\/wp\/v2\/product_tag?post=76463"}],"curies":[{"name":"wp","href":"https:\/\/api.w.org\/{rel}","templated":true}]}}