{"id":76557,"date":"2016-01-10T15:37:07","date_gmt":"2016-01-10T14:37:07","guid":{"rendered":"http:\/\/hiphop4life.fr\/shop\/?post_type=product&#038;p=76557"},"modified":"2024-12-08T09:23:45","modified_gmt":"2024-12-08T08:23:45","slug":"dungeon-family-even-in-darkness-vinyle","status":"publish","type":"product","link":"https:\/\/hiphop4life.fr\/shop\/produit\/dungeon-family-even-in-darkness-vinyle\/","title":{"rendered":"Dungeon Family &#8211; Even In Darkness [Vinyle Blanc]"},"content":{"rendered":"<div class=\"wpb-content-wrapper\"><p>[vc_row][vc_column width=\u00a0\u00bb1\/1&Prime;][vc_single_image media=\u00a0\u00bb76558&Prime; media_width_percent=\u00a0\u00bb100&Prime;][vc_column_text]<iframe src=\"https:\/\/open.spotify.com\/embed\/album\/2n4GKr0nKfFWoSTWZuNB9Z\" width=\"300\" height=\"380\" frameborder=\"0\"><\/iframe><\/p>\n<p><strong>Tracklist<\/strong><\/p>\n<p><em>01. Presenting Dungeon Family feat. Backbone &amp; Killer Mike<br \/>\n02. Crooked Booty feat. Cee-Lo, Andre 3000, Sleepy Brown &amp; Khujo Goodie<br \/>\n03. Follow the Light feat. Sleepy Brown, Cee-Lo, Big Gipp, Big Boi &amp; Shuga Luv<br \/>\n04. Trans DF Express feat. Cee-Lo, Andre 3000, Big Gipp, Backbone &amp; Big Boi<br \/>\n05. On &amp; On &amp; On feat. Big Gipp, Big Boi, T-Mo, Witchdoctor &amp; Khujo Goodie<br \/>\n06. Emergency feat. Big Gipp, Mello &amp; Backbone<br \/>\n07. Forever Pimpin\u2019 (Never Slippin\u2019) feat. Cool Breeze<br \/>\n08. 6 Minutes (Dungeon Family It\u2019s On) feat. Big Boi, Witchdoctor, Big Gipp, Backbone, Khujo Goodie, T-Mo, Cee-Lo, Cool Breeze &amp; Big Rube<br \/>\n09. White Gutz feat. Sleepy Brown, Big Boi, Big Gipp, Bubba Sparxxx &amp; Cee-Lo<br \/>\n10. Rollin\u2019 feat. Sleepy Brown, Andre 3000, Cee-Lo, Big Rube &amp; Society of Soul<br \/>\n11. They Comin\u2019\u2026 feat. T-Mo &amp; Khujo Goodie<br \/>\n12. Excalibur feat. Big Gipp, Big Rube, Khujo Goodie &amp; Cee-Lo<br \/>\n13. What Iz Rap? feat. Witchdoctor &amp; Big Rube<br \/>\n14. Curtains (DF 2nd Generation) feat. ChamDon, Blvd. International, Slimm Calhoun, Killer Mike, C-Bone, Supa Nate &amp; Lil\u2019 Brotha<\/em><\/p>\n<p>Les meilleurs sons de la Dungeon Family sont \u00e0 retrouver dans la playlist Hip-Hop 4 Life : <a href=\"http:\/\/hiphop4life.fr\/chroniques\/playlists\/\">ATLiens<\/a>[\/vc_column_text][\/vc_column][\/vc_row]<\/p>\n<\/div>","protected":false},"excerpt":{"rendered":"<p><strong>Album :<\/strong> Even In Darkness<br \/>\n<strong>Artiste :<\/strong> Dungeon Family<br \/>\n<strong>Etat :<\/strong> Neuf<br \/>\n<strong>Format :<\/strong>\u00a0Vinyle, 2 LP, Album<br \/>\n<strong>Label :<\/strong> Arista Records<br \/>\n<strong>Edition :<\/strong> R\u00e9\u00e9dition 15\u00e8me Anniversaire &#8211; Vinyle blanc<br \/>\n<strong>Date de sortie :<\/strong>\u00a02001<br \/>\n<strong>Genre :<\/strong>\u00a0Hip-Hop\u00a0\/ Rap US \/ Dirty South<\/p>\n","protected":false},"featured_media":98442,"comment_status":"open","ping_status":"closed","template":"","meta":{"om_disable_all_campaigns":false,"_monsterinsights_skip_tracking":false,"_monsterinsights_sitenote_active":false,"_monsterinsights_sitenote_note":"","_monsterinsights_sitenote_category":0},"product_brand":[],"product_cat":[6172,6176,6179],"product_tag":[5374,5960,5959,9242,9236,5372,5965,9238,9234,5325,5901,7178,5963,5326,7693,9240,9089],"class_list":{"0":"post-76557","1":"product","2":"type-product","3":"status-publish","4":"has-post-thumbnail","6":"product_cat-2000s","7":"product_cat-dirty-south","8":"product_cat-soul-rnb","9":"product_tag-2000s","10":"product_tag-andre-3000","11":"product_tag-big-boi","12":"product_tag-cee-lo","13":"product_tag-cee-lo-green","14":"product_tag-dirty-south","15":"product_tag-dungeon-family","16":"product_tag-even-in-darkness","17":"product_tag-goodie-mob","18":"product_tag-hip-hop","19":"product_tag-killer-mike","20":"product_tag-organized-noize","21":"product_tag-outkast","22":"product_tag-rap-us","23":"product_tag-reedition","24":"product_tag-sleepy-brown","25":"product_tag-vinyle-colore","26":"product_shipping_class-2-lp","28":"first","29":"outofstock","30":"taxable","31":"shipping-taxable","32":"purchasable","33":"product-type-simple"},"aioseo_notices":[],"_links":{"self":[{"href":"https:\/\/hiphop4life.fr\/shop\/wp-json\/wp\/v2\/product\/76557","targetHints":{"allow":["GET"]}}],"collection":[{"href":"https:\/\/hiphop4life.fr\/shop\/wp-json\/wp\/v2\/product"}],"about":[{"href":"https:\/\/hiphop4life.fr\/shop\/wp-json\/wp\/v2\/types\/product"}],"replies":[{"embeddable":true,"href":"https:\/\/hiphop4life.fr\/shop\/wp-json\/wp\/v2\/comments?post=76557"}],"wp:featuredmedia":[{"embeddable":true,"href":"https:\/\/hiphop4life.fr\/shop\/wp-json\/wp\/v2\/media\/98442"}],"wp:attachment":[{"href":"https:\/\/hiphop4life.fr\/shop\/wp-json\/wp\/v2\/media?parent=76557"}],"wp:term":[{"taxonomy":"product_brand","embeddable":true,"href":"https:\/\/hiphop4life.fr\/shop\/wp-json\/wp\/v2\/product_brand?post=76557"},{"taxonomy":"product_cat","embeddable":true,"href":"https:\/\/hiphop4life.fr\/shop\/wp-json\/wp\/v2\/product_cat?post=76557"},{"taxonomy":"product_tag","embeddable":true,"href":"https:\/\/hiphop4life.fr\/shop\/wp-json\/wp\/v2\/product_tag?post=76557"}],"curies":[{"name":"wp","href":"https:\/\/api.w.org\/{rel}","templated":true}]}}