{"id":76697,"date":"2016-02-22T16:51:32","date_gmt":"2016-02-22T15:51:32","guid":{"rendered":"http:\/\/hiphop4life.fr\/shop\/?post_type=product&#038;p=76697"},"modified":"2022-01-17T16:19:42","modified_gmt":"2022-01-17T15:19:42","slug":"az-doe-or-die-vinyle","status":"publish","type":"product","link":"https:\/\/hiphop4life.fr\/shop\/produit\/az-doe-or-die-vinyle\/","title":{"rendered":"AZ &#8211; Doe or Die [Vinyle]"},"content":{"rendered":"<div class=\"wpb-content-wrapper\"><p>[vc_row][vc_column width=\u00a0\u00bb1\/1&Prime;][vc_single_image media=\u00a0\u00bb76698&Prime; media_width_percent=\u00a0\u00bb100&Prime;][vc_column_text]<iframe src=\"https:\/\/open.spotify.com\/embed\/album\/4wPNy4oz3tDjY3OEeHiOVq\" width=\"300\" height=\"380\" frameborder=\"0\"><\/iframe><\/p>\n<p><strong>Tracklist<\/strong><\/p>\n<p><em>1 \u00ab\u00a0Intro\u00a0\u00bb<br \/>\n2 \u00ab\u00a0Uncut Raw\u00a0\u00bb<br \/>\n3 \u00ab\u00a0Gimme Yours\u00a0\u00bb<br \/>\n4 \u00ab\u00a0Ho Happy Jackie\u00a0\u00bb<br \/>\n5 \u00ab\u00a0Rather Unique\u00a0\u00bb<br \/>\n6 \u00ab\u00a0I Feel for You\u00a0\u00bb<br \/>\n7 \u00ab\u00a0Sugar Hill\u00a0\u00bb<br \/>\n8 \u00ab\u00a0Mo Money, Mo Murder\u00a0\u00bb<br \/>\n9 \u00ab\u00a0Doe or Die\u00a0\u00bb<br \/>\n10 \u00ab\u00a0We Can&rsquo;t Win\u00a0\u00bb<br \/>\n11 \u00ab\u00a0Your World Don&rsquo;t Stop\u00a0\u00bb<br \/>\n12 \u00ab\u00a0Sugar Hill (Remix)\u00a0\u00bb<\/em>[\/vc_column_text][\/vc_column][\/vc_row]<\/p>\n<\/div>","protected":false},"excerpt":{"rendered":"<p><strong>Album :<\/strong> Doe or Die<br \/>\n<strong>Artiste :<\/strong> AZ<br \/>\n<strong>Etat :<\/strong>\u00a0Neuf<br \/>\n<strong>Format :<\/strong> Vinyle, 2 LP, Album<br \/>\n<strong>Label :<\/strong> Tuff Kong Records<br \/>\n<strong>Edition :\u00a0<\/strong>R\u00e9\u00e9dition 2018 &#8211; \u00c9dition Limit\u00e9e 1000 copies<br \/>\n<strong>Date de sortie :<\/strong> 1995<br \/>\n<strong>Genre :<\/strong>\u00a0Hip-Hop\u00a0\/ Rap US \/ East Coast<\/p>\n","protected":false},"featured_media":76699,"comment_status":"open","ping_status":"closed","template":"","meta":{"om_disable_all_campaigns":false,"_monsterinsights_skip_tracking":false,"_monsterinsights_sitenote_active":false,"_monsterinsights_sitenote_note":"","_monsterinsights_sitenote_category":0},"product_brand":[],"product_cat":[6174,6171],"product_tag":[9371,9373,5337,9091,5339,5325,5326,7693,6986],"class_list":{"0":"post-76697","1":"product","2":"type-product","3":"status-publish","4":"has-post-thumbnail","6":"product_cat-east-coast","7":"product_cat-golden-age","8":"product_tag-az","9":"product_tag-doe-or-die","10":"product_tag-east-coast","11":"product_tag-edition-limitee","12":"product_tag-golden-age","13":"product_tag-hip-hop","14":"product_tag-rap-us","15":"product_tag-reedition","16":"product_tag-underground-fr","17":"product_shipping_class-2-lp","19":"first","20":"outofstock","21":"sold-individually","22":"taxable","23":"shipping-taxable","24":"purchasable","25":"product-type-simple"},"aioseo_notices":[],"_links":{"self":[{"href":"https:\/\/hiphop4life.fr\/shop\/wp-json\/wp\/v2\/product\/76697","targetHints":{"allow":["GET"]}}],"collection":[{"href":"https:\/\/hiphop4life.fr\/shop\/wp-json\/wp\/v2\/product"}],"about":[{"href":"https:\/\/hiphop4life.fr\/shop\/wp-json\/wp\/v2\/types\/product"}],"replies":[{"embeddable":true,"href":"https:\/\/hiphop4life.fr\/shop\/wp-json\/wp\/v2\/comments?post=76697"}],"wp:featuredmedia":[{"embeddable":true,"href":"https:\/\/hiphop4life.fr\/shop\/wp-json\/wp\/v2\/media\/76699"}],"wp:attachment":[{"href":"https:\/\/hiphop4life.fr\/shop\/wp-json\/wp\/v2\/media?parent=76697"}],"wp:term":[{"taxonomy":"product_brand","embeddable":true,"href":"https:\/\/hiphop4life.fr\/shop\/wp-json\/wp\/v2\/product_brand?post=76697"},{"taxonomy":"product_cat","embeddable":true,"href":"https:\/\/hiphop4life.fr\/shop\/wp-json\/wp\/v2\/product_cat?post=76697"},{"taxonomy":"product_tag","embeddable":true,"href":"https:\/\/hiphop4life.fr\/shop\/wp-json\/wp\/v2\/product_tag?post=76697"}],"curies":[{"name":"wp","href":"https:\/\/api.w.org\/{rel}","templated":true}]}}