{"id":84829,"date":"2016-10-27T09:02:42","date_gmt":"2016-10-27T07:02:42","guid":{"rendered":"https:\/\/hiphop4life.fr\/shop\/?post_type=product&#038;p=84829"},"modified":"2022-06-06T18:40:55","modified_gmt":"2022-06-06T16:40:55","slug":"nas-it-was-written-vinyle","status":"publish","type":"product","link":"https:\/\/hiphop4life.fr\/shop\/produit\/nas-it-was-written-vinyle\/","title":{"rendered":"Nas &#8211; It Was Written [Vinyle Argent\u00e9 25\u00e8me Anniversaire + 45T + Cassette]"},"content":{"rendered":"<div class=\"wpb-content-wrapper\">\n<p><strong>Tracklist<\/strong><\/p>\n<p><em>A1 Album Intro<\/em><br \/>\n<em>A2 The Message<\/em><br \/>\n<em>A3 Street Dreams<\/em><br \/>\n<em>A4 I Gave Your Power<\/em><br \/>\n<em>B5 Watch Dem Niggas<\/em><br \/>\n<em>B6 Take It In Blood<\/em><br \/>\n<em>B7 The Set Up<\/em><br \/>\n<em>B8 Silent Murder (Bonus Track)<\/em><br \/>\n<em>C9 Black Girl Lost<\/em><br \/>\n<em>C10 Suspect<\/em><br \/>\n<em>C11 Shootouts<\/em><br \/>\n<em>C12 Nas Is Coming<\/em><br \/>\n<em>D13 Affirmative Action feat The Firm(AZ, Cormega, Foxy Brown)<\/em><br \/>\n<em>D14 Live Nigga Rap feat Mobb Deep\u00a0<\/em><br \/>\n<em>D15 If I Ruled The World (Imagine That) feat Lauryn Hill<\/em>[\/vc_column_text][\/vc_column][\/vc_row]<\/p>\n<\/div>","protected":false},"excerpt":{"rendered":"<p><strong>Album :<\/strong> It Was Written<br \/>\n<strong>Artiste :<\/strong>\u00a0Nas<br \/>\n<strong>Etat :<\/strong>\u00a0Neuf<br \/>\n<strong>Format :<\/strong> Vinyle, 2 LP + 45T + Cassette<br \/>\n<strong>Label :<\/strong> Get On Down<br \/>\n<strong>Edition :<\/strong> R\u00e9\u00e9dition 2021 &#8211; 25\u00e8me Anniversaire &#8211; 2LP + The Message \/ Street Dreams 45T + Cassette<br \/>\n<strong>Date de sortie :<\/strong> 1996<br \/>\n<strong>Genre :<\/strong>\u00a0Hip-Hop \/ Rap US \/\u00a0East Coast<\/p>\n","protected":false},"featured_media":84831,"comment_status":"open","ping_status":"closed","template":"","meta":{"om_disable_all_campaigns":false,"_monsterinsights_skip_tracking":false,"_monsterinsights_sitenote_active":false,"_monsterinsights_sitenote_note":"","_monsterinsights_sitenote_category":0},"product_brand":[],"product_cat":[6174,6171],"product_tag":[11074,7266,5337,11076,5339,5325,9776,5335,5326,7693,9089],"class_list":{"0":"post-84829","1":"product","2":"type-product","3":"status-publish","4":"has-post-thumbnail","6":"product_cat-east-coast","7":"product_cat-golden-age","8":"product_tag-cassette","9":"product_tag-collector","10":"product_tag-east-coast","11":"product_tag-get-on-down","12":"product_tag-golden-age","13":"product_tag-hip-hop","14":"product_tag-it-was-written","15":"product_tag-nas","16":"product_tag-rap-us","17":"product_tag-reedition","18":"product_tag-vinyle-colore","19":"product_shipping_class-3-lp","21":"first","22":"outofstock","23":"taxable","24":"shipping-taxable","25":"purchasable","26":"product-type-simple"},"aioseo_notices":[],"_links":{"self":[{"href":"https:\/\/hiphop4life.fr\/shop\/wp-json\/wp\/v2\/product\/84829","targetHints":{"allow":["GET"]}}],"collection":[{"href":"https:\/\/hiphop4life.fr\/shop\/wp-json\/wp\/v2\/product"}],"about":[{"href":"https:\/\/hiphop4life.fr\/shop\/wp-json\/wp\/v2\/types\/product"}],"replies":[{"embeddable":true,"href":"https:\/\/hiphop4life.fr\/shop\/wp-json\/wp\/v2\/comments?post=84829"}],"wp:featuredmedia":[{"embeddable":true,"href":"https:\/\/hiphop4life.fr\/shop\/wp-json\/wp\/v2\/media\/84831"}],"wp:attachment":[{"href":"https:\/\/hiphop4life.fr\/shop\/wp-json\/wp\/v2\/media?parent=84829"}],"wp:term":[{"taxonomy":"product_brand","embeddable":true,"href":"https:\/\/hiphop4life.fr\/shop\/wp-json\/wp\/v2\/product_brand?post=84829"},{"taxonomy":"product_cat","embeddable":true,"href":"https:\/\/hiphop4life.fr\/shop\/wp-json\/wp\/v2\/product_cat?post=84829"},{"taxonomy":"product_tag","embeddable":true,"href":"https:\/\/hiphop4life.fr\/shop\/wp-json\/wp\/v2\/product_tag?post=84829"}],"curies":[{"name":"wp","href":"https:\/\/api.w.org\/{rel}","templated":true}]}}