{"id":94933,"date":"2016-12-06T16:53:57","date_gmt":"2016-12-06T15:53:57","guid":{"rendered":"https:\/\/hiphop4life.fr\/shop\/?post_type=product&#038;p=94933"},"modified":"2022-01-17T16:01:37","modified_gmt":"2022-01-17T15:01:37","slug":"tha-dogg-pound-dogg-food-vinyle","status":"publish","type":"product","link":"https:\/\/hiphop4life.fr\/shop\/produit\/tha-dogg-pound-dogg-food-vinyle\/","title":{"rendered":"Tha Dogg Pound &#8211; Dogg Food [Vinyle Bleu]"},"content":{"rendered":"<div class=\"wpb-content-wrapper\"><p>[vc_row][vc_column width=\u00a0\u00bb1\/1&Prime;][vc_column_text]Il aura fallu attendre les 25 ans de cet \u00e9norme classique G-Funk de <strong>The Dogg Pound<\/strong>\u00a0pour que\u00a0<strong>Death Row<\/strong>\u00a0presse pour la 1\u00e8re fois en vinyle cet album l\u00e9gendaire avec les OGs de la West Coast : <strong>Snoop Dogg, Dr. Dre<\/strong> et <strong>Nate Dogg<\/strong>.<\/p>\n<p>Une \u00e9dition collector sp\u00e9ciale Black Friday avec vinyle bleu oc\u00e9an \u00e0\u00a0se procurer d&rsquo;urgence.[\/vc_column_text][vc_single_image media=\u00a0\u00bb94934&Prime; media_width_percent=\u00a0\u00bb100&Prime;][vc_column_text]<iframe src=\"https:\/\/open.spotify.com\/embed\/album\/37VmP0VgIeJWHMurcTMeJL\" width=\"300\" height=\"380\" frameborder=\"0\"><\/iframe><\/p>\n<p><strong>Tracklist<\/strong><\/p>\n<p><em>1. Intro<br \/>\n2. Dogg Pound Gangstaz<br \/>\n3. Respect (featuring Dr. Dre, Prince Ital Joe et Nancy Fletcher)<br \/>\n4. New York, New York (featuring Snoop Doggy Dogg \u2013 Produit par DJ Pooh)<br \/>\n5. Smooth (featuring Snoop Doggy Dogg et Val Young \u2013 Produit par DJ Pooh)<br \/>\n6. Cyco-Lic-No (Bitch Azz Niggaz) (featuring Snoop Doggy Dogg et Mr. Malik)<br \/>\n7. Ridin&rsquo;, Slipin&rsquo; and Slidin&rsquo;<br \/>\n8. Big Pimpin&rsquo; 2 (featuring Big Pimpin&rsquo; Delemond)<br \/>\n9. Let&rsquo;s Play House (featuring Dr. Dre, Michel&rsquo;le et Nate Dogg)<br \/>\n10. I Don&rsquo;t Like to Dream about Gettin&rsquo; Paid (featuring Nate Dogg)<br \/>\n11. Do What I Feel (featuring The Lady of Rage)<br \/>\n12. If We All Fucc (featuring Snoop Doggy Dogg)<br \/>\n13. Some Bomb Azz Pussy (featuring Snoop Doggy Dogg)<br \/>\n14. A Dogg&rsquo;z Day Afternoon (featuring Nate Dogg)<br \/>\n15. Reality (featuring Tray Deee)<br \/>\n16. One by One<br \/>\n17. Sooo Much Style<\/em>[\/vc_column_text][\/vc_column][\/vc_row]<\/p>\n<\/div>","protected":false},"excerpt":{"rendered":"<p><strong>Album :<\/strong>\u00a0Dogg Food<br \/>\n<strong>Artiste :<\/strong>\u00a0Tha Dogg Pound<br \/>\n<strong>Etat :<\/strong>\u00a0Neuf &#8211; Sous blister<br \/>\n<strong>Format :<\/strong>\u00a0Vinyle, 2 LP, Album<br \/>\n<strong>Label :<\/strong>\u00a0Death Row Records<br \/>\n<strong>Edition : <\/strong>Originale &#8211; Pour la 1\u00e8re fois en vinyle !<br \/>\n<strong>Date de sortie :<\/strong>\u00a01995<br \/>\n<strong>Genre :<\/strong>\u00a0Hip-Hop \/ Rap US \/ Gangsta Rap \/ West Coast<\/p>\n","protected":false},"featured_media":94935,"comment_status":"open","ping_status":"closed","template":"","meta":{"om_disable_all_campaigns":false,"_monsterinsights_skip_tracking":false,"_monsterinsights_sitenote_active":false,"_monsterinsights_sitenote_note":"","_monsterinsights_sitenote_category":0},"product_brand":[],"product_cat":[6171,6175],"product_tag":[7266,5341,10060,5340,6110,5339,5325,5326,7369,9089,5328],"class_list":{"0":"post-94933","1":"product","2":"type-product","3":"status-publish","4":"has-post-thumbnail","6":"product_cat-golden-age","7":"product_cat-west-coast","8":"product_tag-collector","9":"product_tag-death-row-records","10":"product_tag-dogg-food","11":"product_tag-g-funk","12":"product_tag-gangsta-rap","13":"product_tag-golden-age","14":"product_tag-hip-hop","15":"product_tag-rap-us","16":"product_tag-tha-dogg-pound","17":"product_tag-vinyle-colore","18":"product_tag-west-coast","19":"product_shipping_class-2-lp","21":"first","22":"outofstock","23":"taxable","24":"shipping-taxable","25":"purchasable","26":"product-type-simple"},"aioseo_notices":[],"_links":{"self":[{"href":"https:\/\/hiphop4life.fr\/shop\/wp-json\/wp\/v2\/product\/94933","targetHints":{"allow":["GET"]}}],"collection":[{"href":"https:\/\/hiphop4life.fr\/shop\/wp-json\/wp\/v2\/product"}],"about":[{"href":"https:\/\/hiphop4life.fr\/shop\/wp-json\/wp\/v2\/types\/product"}],"replies":[{"embeddable":true,"href":"https:\/\/hiphop4life.fr\/shop\/wp-json\/wp\/v2\/comments?post=94933"}],"wp:featuredmedia":[{"embeddable":true,"href":"https:\/\/hiphop4life.fr\/shop\/wp-json\/wp\/v2\/media\/94935"}],"wp:attachment":[{"href":"https:\/\/hiphop4life.fr\/shop\/wp-json\/wp\/v2\/media?parent=94933"}],"wp:term":[{"taxonomy":"product_brand","embeddable":true,"href":"https:\/\/hiphop4life.fr\/shop\/wp-json\/wp\/v2\/product_brand?post=94933"},{"taxonomy":"product_cat","embeddable":true,"href":"https:\/\/hiphop4life.fr\/shop\/wp-json\/wp\/v2\/product_cat?post=94933"},{"taxonomy":"product_tag","embeddable":true,"href":"https:\/\/hiphop4life.fr\/shop\/wp-json\/wp\/v2\/product_tag?post=94933"}],"curies":[{"name":"wp","href":"https:\/\/api.w.org\/{rel}","templated":true}]}}