{"id":95924,"date":"2016-05-12T12:07:31","date_gmt":"2016-05-12T10:07:31","guid":{"rendered":"https:\/\/hiphop4life.fr\/shop\/?post_type=product&#038;p=95924"},"modified":"2022-01-17T16:12:03","modified_gmt":"2022-01-17T15:12:03","slug":"brand-nubian-one-for-all-vinyle","status":"publish","type":"product","link":"https:\/\/hiphop4life.fr\/shop\/produit\/brand-nubian-one-for-all-vinyle\/","title":{"rendered":"Brand Nubian &#8211; One For All [30e Anniversaire Vinyle Color\u00e9]"},"content":{"rendered":"<div class=\"wpb-content-wrapper\"><p>[vc_row][vc_column width=\u00a0\u00bb1\/1&Prime;][vc_single_image media=\u00a0\u00bb95925&Prime; media_width_percent=\u00a0\u00bb100&Prime;][vc_column_text]<iframe src=\"https:\/\/open.spotify.com\/embed\/album\/5iZcUcJjmrPylunrt0jLWX\" width=\"300\" height=\"380\" frameborder=\"0\"><\/iframe><\/p>\n<p><strong>Tracklist<\/strong><\/p>\n<p><em>A1 All For One<\/em><br \/>\n<em>A2 Feels So Good<\/em><br \/>\n<em>A3 Concerto In X Minor<\/em><br \/>\n<em>A4 Ragtime<\/em><br \/>\n<em>B1 To The Right<\/em><br \/>\n<em>B2 Dance To My Ministry<\/em><br \/>\n<em>B3 Drop The Bomb<\/em><br \/>\n<em>B4 Wake Up (Stimulated Dummies Mix)<\/em><br \/>\n<em>C1 Step To The Rear<\/em><br \/>\n<em>C2 Slow Down<\/em><br \/>\n<em>C3 Try To Do Me<\/em><br \/>\n<em>C4 Who Can Get Busy Like This Man&#8230;<\/em><br \/>\n<em>D1 Grand Puba, Positive And L.G.<\/em><br \/>\n<em>D2 Brand Nubian<\/em><br \/>\n<em>D3 Wake Up (Reprise In The Sunshine)<\/em><br \/>\n<em>D4 Dedication<\/em><br \/>\n<em>E1 All For One (Radio Version &#8211; 7&Prime; Edit)<\/em><br \/>\n<em>E2 All For One (Radio Instrumental &#8211; 7&Prime; Edit)<\/em>[\/vc_column_text][\/vc_column][\/vc_row]<\/p>\n<\/div>","protected":false},"excerpt":{"rendered":"<p><strong>Album :<\/strong> One For All<br \/>\n<strong>Artiste :<\/strong> Brand Nubian<br \/>\n<strong>Etat :<\/strong> Neuf &#8211; Sous blister<br \/>\n<strong>Format :<\/strong> Vinyle, 2 LP + 7&Prime;, Album<br \/>\n<strong>Label :<\/strong> Tommy Boy<br \/>\n<strong>Edition :<\/strong> R\u00e9\u00e9dition 30\u00e8me Anniversaire &#8211; Vinyles color\u00e9s + 7&Prime; bonus<br \/>\n<strong>Date de sortie :<\/strong> 1990<br \/>\n<strong>Genre :<\/strong> Hip-Hop \/ Rap US \/ Rap Alternatif<\/p>\n","protected":false},"featured_media":95933,"comment_status":"open","ping_status":"closed","template":"","meta":{"om_disable_all_campaigns":false,"_monsterinsights_skip_tracking":false,"_monsterinsights_sitenote_active":false,"_monsterinsights_sitenote_note":"","_monsterinsights_sitenote_category":0},"product_brand":[],"product_cat":[6174,6171],"product_tag":[10555,5339,10563,5325,6131,10561,10557,7145,5361,5326,7693,7695,10559,9089],"class_list":{"0":"post-95924","1":"product","2":"type-product","3":"status-publish","4":"has-post-thumbnail","6":"product_cat-east-coast","7":"product_cat-golden-age","8":"product_tag-brand-nubian","9":"product_tag-golden-age","10":"product_tag-grand-puba","11":"product_tag-hip-hop","12":"product_tag-jazz-rap","13":"product_tag-lord-jamar","14":"product_tag-one-for-all","15":"product_tag-rap-alternatif","16":"product_tag-rap-conscient","17":"product_tag-rap-us","18":"product_tag-reedition","19":"product_tag-remasterise","20":"product_tag-sadat-x","21":"product_tag-vinyle-colore","22":"product_shipping_class-3-lp","24":"first","25":"outofstock","26":"taxable","27":"shipping-taxable","28":"purchasable","29":"product-type-simple"},"aioseo_notices":[],"_links":{"self":[{"href":"https:\/\/hiphop4life.fr\/shop\/wp-json\/wp\/v2\/product\/95924","targetHints":{"allow":["GET"]}}],"collection":[{"href":"https:\/\/hiphop4life.fr\/shop\/wp-json\/wp\/v2\/product"}],"about":[{"href":"https:\/\/hiphop4life.fr\/shop\/wp-json\/wp\/v2\/types\/product"}],"replies":[{"embeddable":true,"href":"https:\/\/hiphop4life.fr\/shop\/wp-json\/wp\/v2\/comments?post=95924"}],"wp:featuredmedia":[{"embeddable":true,"href":"https:\/\/hiphop4life.fr\/shop\/wp-json\/wp\/v2\/media\/95933"}],"wp:attachment":[{"href":"https:\/\/hiphop4life.fr\/shop\/wp-json\/wp\/v2\/media?parent=95924"}],"wp:term":[{"taxonomy":"product_brand","embeddable":true,"href":"https:\/\/hiphop4life.fr\/shop\/wp-json\/wp\/v2\/product_brand?post=95924"},{"taxonomy":"product_cat","embeddable":true,"href":"https:\/\/hiphop4life.fr\/shop\/wp-json\/wp\/v2\/product_cat?post=95924"},{"taxonomy":"product_tag","embeddable":true,"href":"https:\/\/hiphop4life.fr\/shop\/wp-json\/wp\/v2\/product_tag?post=95924"}],"curies":[{"name":"wp","href":"https:\/\/api.w.org\/{rel}","templated":true}]}}