{"id":95946,"date":"2016-04-01T17:54:50","date_gmt":"2016-04-01T15:54:50","guid":{"rendered":"https:\/\/hiphop4life.fr\/shop\/?post_type=product&#038;p=95946"},"modified":"2023-07-10T09:33:21","modified_gmt":"2023-07-10T07:33:21","slug":"da-lench-mob-guerillas-in-the-mist-vinyle","status":"publish","type":"product","link":"https:\/\/hiphop4life.fr\/shop\/produit\/da-lench-mob-guerillas-in-the-mist-vinyle\/","title":{"rendered":"Da Lench Mob &#8211; Guerillas In The Mist [Vinyle Orange et Vert]"},"content":{"rendered":"<div class=\"wpb-content-wrapper\"><p>[vc_row][vc_column width=\u00a0\u00bb1\/1&Prime;][vc_single_image media=\u00a0\u00bb95947&Prime; media_width_percent=\u00a0\u00bb100&Prime;][vc_column_text]<strong>Tracklist<\/strong><\/p>\n<div>\n<ul class=\"tracks\">\n<li><em><span class=\"trkpos double\">1.<\/span>\u00a0Capital Punishment In America<\/em><\/li>\n<li><em><span class=\"trkpos double\">2.<\/span>\u00a0Buck Tha Devil<\/em><\/li>\n<li><em><span class=\"trkpos double\">3.<\/span>\u00a0Lost In Tha System<\/em><\/li>\n<li><em><span class=\"trkpos double\">4.<\/span>\u00a0You &amp; Your Heroes<\/em><\/li>\n<li><em><span class=\"trkpos double\">5.<\/span>\u00a0All On My Nut Sac<\/em><\/li>\n<li><em><span class=\"trkpos double\">6.<\/span>\u00a0Guerillas In Tha Mist<\/em><\/li>\n<li><em><span class=\"trkpos double\">7.<\/span>\u00a0Lenchmob Also In Tha Group<\/em><\/li>\n<li><em><span class=\"trkpos double\">8.<\/span>\u00a0Ain&rsquo;t Got No Class<\/em><\/li>\n<li><em><span class=\"trkpos double\">9.<\/span>\u00a0Freedom Got An A.K.<\/em><\/li>\n<li><em><span class=\"trkpos double\">10.<\/span>\u00a0Ankle Blues<\/em><\/li>\n<li><em><span class=\"trkpos double\">11.<\/span>\u00a0Who Ya Gonna Shoot Wit That<\/em><\/li>\n<li><em><span class=\"trkpos double\">12.<\/span>\u00a0Lord Have Mercy<\/em><\/li>\n<li><em><span class=\"trkpos double\">13.<\/span> Inside Tha Head Of A Black Man<\/em><\/li>\n<\/ul>\n<\/div>\n<div>\n<p>&nbsp;<\/p>\n<\/div>\n<p>[\/vc_column_text][\/vc_column][\/vc_row]<\/p>\n<\/div>","protected":false},"excerpt":{"rendered":"<p><strong>Album :<\/strong> Guerillas In The Mist<br \/>\n<strong>Artiste :<\/strong> Da Lench Mob<br \/>\n<strong>Etat :<\/strong> Neuf &#8211; Sous blister<br \/>\n<strong>Format :<\/strong>\u00a0Vinyle, LP, Album<br \/>\n<strong>Label :<\/strong> Get On Down<br \/>\n<strong>Edition :<\/strong> R\u00e9\u00e9dition 2020 Get On Down &#8211; Vinyle color\u00e9 orange et vert<br \/>\n<strong>Date de sortie :<\/strong> 1992<br \/>\n<strong>Genre :<\/strong>\u00a0Hip-Hop \/ Rap US \/ Gangsta Rap \/\u00a0West\u00a0Coast \/ Hardcore<\/p>\n","protected":false},"featured_media":95948,"comment_status":"open","ping_status":"closed","template":"","meta":{"om_disable_all_campaigns":false,"_monsterinsights_skip_tracking":false,"_monsterinsights_sitenote_active":false,"_monsterinsights_sitenote_note":"","_monsterinsights_sitenote_category":0},"product_brand":[],"product_cat":[6171,6175],"product_tag":[10581,6110,5339,10583,5871,5325,5326,7693,6986,9089,5328],"class_list":{"0":"post-95946","1":"product","2":"type-product","3":"status-publish","4":"has-post-thumbnail","6":"product_cat-golden-age","7":"product_cat-west-coast","8":"product_tag-da-lench-mob","9":"product_tag-gangsta-rap","10":"product_tag-golden-age","11":"product_tag-guerillas-in-the-mist","12":"product_tag-hardcore","13":"product_tag-hip-hop","14":"product_tag-rap-us","15":"product_tag-reedition","16":"product_tag-underground-fr","17":"product_tag-vinyle-colore","18":"product_tag-west-coast","19":"product_shipping_class-2-lp","21":"first","22":"outofstock","23":"taxable","24":"shipping-taxable","25":"purchasable","26":"product-type-simple"},"aioseo_notices":[],"_links":{"self":[{"href":"https:\/\/hiphop4life.fr\/shop\/wp-json\/wp\/v2\/product\/95946","targetHints":{"allow":["GET"]}}],"collection":[{"href":"https:\/\/hiphop4life.fr\/shop\/wp-json\/wp\/v2\/product"}],"about":[{"href":"https:\/\/hiphop4life.fr\/shop\/wp-json\/wp\/v2\/types\/product"}],"replies":[{"embeddable":true,"href":"https:\/\/hiphop4life.fr\/shop\/wp-json\/wp\/v2\/comments?post=95946"}],"wp:featuredmedia":[{"embeddable":true,"href":"https:\/\/hiphop4life.fr\/shop\/wp-json\/wp\/v2\/media\/95948"}],"wp:attachment":[{"href":"https:\/\/hiphop4life.fr\/shop\/wp-json\/wp\/v2\/media?parent=95946"}],"wp:term":[{"taxonomy":"product_brand","embeddable":true,"href":"https:\/\/hiphop4life.fr\/shop\/wp-json\/wp\/v2\/product_brand?post=95946"},{"taxonomy":"product_cat","embeddable":true,"href":"https:\/\/hiphop4life.fr\/shop\/wp-json\/wp\/v2\/product_cat?post=95946"},{"taxonomy":"product_tag","embeddable":true,"href":"https:\/\/hiphop4life.fr\/shop\/wp-json\/wp\/v2\/product_tag?post=95946"}],"curies":[{"name":"wp","href":"https:\/\/api.w.org\/{rel}","templated":true}]}}