{"id":98606,"date":"2016-01-11T15:58:06","date_gmt":"2016-01-11T14:58:06","guid":{"rendered":"https:\/\/hiphop4life.fr\/shop\/?post_type=product&#038;p=98606"},"modified":"2022-07-03T14:00:48","modified_gmt":"2022-07-03T12:00:48","slug":"ol-dirty-bastard-return-to-the-36-chambers-the-dirty-version-box-singles-25e-anniversaire","status":"publish","type":"product","link":"https:\/\/hiphop4life.fr\/shop\/produit\/ol-dirty-bastard-return-to-the-36-chambers-the-dirty-version-box-singles-25e-anniversaire\/","title":{"rendered":"Ol&rsquo; Dirty Bastard &#8211; Return to the 36 Chambers: The Dirty Version [Box Singles 25e Anniversaire]"},"content":{"rendered":"<div class=\"wpb-content-wrapper\"><p>[vc_row][vc_column width=\u00a0\u00bb1\/1&Prime;][vc_column_text]3\u00e8me vague de l&rsquo;invasion des samoura\u00efs de Staten Island, apr\u00e8s <a href=\"http:\/\/hiphop4life.fr\/shop\/product\/wu-tang-clan-enter-the-wu-tang-clan-36-chambers-vinyle\/\"><em>36 Chambers<\/em><\/a> et <a href=\"http:\/\/hiphop4life.fr\/shop\/product\/method-man-tical-vinyle\/\"><em>Tical<\/em><\/a>,\u00a0duel avec le plus fou des disciples du Wu-Tang Clan : Ol&rsquo; Dirty Bastard.<br \/>\nCertainement le vocaliste le plus original de l&rsquo;histoire du rap, son flow\u00a0est juste indescriptible, aussi brillant qu&rsquo;in\u00e9coutable, pas vraiment rapp\u00e9, pas vraiment chant\u00e9, souvent faux et off-beat, entre un clochard hyst\u00e9rique compl\u00e8tement bourr\u00e9 et un g\u00e9nie illumin\u00e9 !<br \/>\nLa folie est au tournant, Brooklyn ressemble \u00e0 un zoo hant\u00e9 par\u00a0les claviers dissonants de RZA et la personnalit\u00e9\u00a0tourment\u00e9e d&rsquo;Ol&rsquo; Dirty Bastard, R.I.P.[\/vc_column_text][vc_single_image media=\u00a0\u00bb69328&Prime; media_width_percent=\u00a0\u00bb100&Prime;][vc_column_text uncode_shortcode_id=\u00a0\u00bb173723&Prime;]<iframe src=\"https:\/\/embed.spotify.com\/?uri=spotify%3Aalbum%3A4tI4WJdTN5MzDMRMl2i7VR\" width=\"300\" height=\"380\" frameborder=\"0\"><\/iframe><\/p>\n<p><strong>Tracklist<\/strong><\/p>\n<div align=\"justify\">Disc One<\/div>\n<div align=\"justify\"><em>A.\u00a0 Intro<\/em><\/div>\n<div align=\"justify\"><em>B. \u201cShimmy Shimmy Ya\u201d<\/em><\/div>\n<div align=\"justify\">Disc Two<\/div>\n<div align=\"justify\"><em>A. \u201cBaby C\u2019mon\u201d<\/em><\/div>\n<div align=\"justify\"><em>B. \u00ab\u00a0Brooklyn Zoo\u201d<\/em><\/div>\n<div align=\"justify\">Disc Three<\/div>\n<div align=\"justify\"><em>A. \u201cHippa To Da Hoppa\u201d<\/em><\/div>\n<div align=\"justify\"><em>B. \u201cRaw Hide\u201d (featuring Raekwon &amp; Method Man)<\/em><\/div>\n<div align=\"justify\">Disc Four<\/div>\n<div align=\"justify\"><em>A. \u201cDamage\u201d (featuring GZA)<\/em><\/div>\n<div align=\"justify\"><em>B.\u00a0 \u201cDon\u2019t U Know\u201d (featuring Killah Priest)<\/em><\/div>\n<div align=\"justify\">Disc Five<\/div>\n<div align=\"justify\"><em>A. \u201cThe Stomp\u201d<\/em><\/div>\n<div align=\"justify\"><em>B.\u00a0\u00a0\u201cGoin\u2019 Down\u201d<\/em><\/div>\n<div align=\"justify\">Disc Six<\/div>\n<div align=\"justify\"><em>A.\u00a0 \u201cDrunk Game (Sweet Sugar Pie)\u201d<\/em><\/div>\n<div align=\"justify\"><em>B. \u201cSnakes\u201d (featuring Killah Priest, RZA, Masta Killa &amp; Buddha Monk)<\/em><\/div>\n<div align=\"justify\">Disc Seven<\/div>\n<div align=\"justify\"><em>A. \u201cBrooklyn Zoo II (Tiger Crane)\u201d Part 1 (featuring Ghostface Killah)<\/em><\/div>\n<div align=\"justify\"><em>B. \u201cBrooklyn Zoo II (Tiger Crane)\u201d Part 2<\/em><\/div>\n<div align=\"justify\">Disc Eight<\/div>\n<div align=\"justify\"><em>A. \u201cProteck Ya Neck II the Zoo\u201d (featuring Brooklyn Zu, Prodigal Sunn, Killah Priest, &amp; 60 Second Assassin)<\/em><\/div>\n<div align=\"justify\"><em>B. \u201cCuttin\u2019 Headz\u201d (featuring RZA)<\/em><\/div>\n<div align=\"justify\">Disc Nine<\/div>\n<div align=\"justify\"><em>A. \u201cDirty Dancin\u2019\u201d (featuring Method Man)<\/em><\/div>\n<div align=\"justify\"><em>B. \u201cHarlem World\u201d<\/em><\/div>\n<p>Tous les classiques du\u00a0<strong>Wu-Tang Clan<\/strong>\u00a0sont \u00e0 \u00e9couter dans la playlist Hip-Hop 4 Life : <a href=\"http:\/\/hiphop4life.fr\/chroniques\/playlists\/\">36 Chambers<\/a>.<em><br \/>\n<\/em>[\/vc_column_text][\/vc_column][\/vc_row]<\/p>\n<\/div>","protected":false},"excerpt":{"rendered":"<p><strong>RETURN TO THE 36 CHAMBERS: THE DIRTY VERSION (Box Singles 25e Anniversaire)<\/strong> est un coffret vinyle comprenant les 17 chansons de l&rsquo;album original sur neuf 45 tours press\u00e9s sur des vinyles bleus, jaunes et blancs.<br \/>\nLimit\u00e9 \u00e0 3 000 exemplaires num\u00e9rot\u00e9s individuellement.<\/p>\n<p><strong>Album :<\/strong> Return to the 36 Chambers: The Dirty Version<br \/>\n<strong>Artiste :<\/strong> Ol&rsquo; Dirty Bastard<br \/>\n<strong>Etat :<\/strong> Neuf &#8211; Sous blister<br \/>\n<strong>Format :<\/strong> Vinyle, LP, Album, Box singles<br \/>\n<strong>Label :<\/strong>\u00a0Elektra<br \/>\n<strong>Edition :\u00a0<\/strong>R\u00e9\u00e9dition Get On Down 25\u00e8me Anniversaire &#8211; Box Singles<br \/>\n<strong>Date de sortie :<\/strong>\u00a01995<br \/>\n<strong>Genre :<\/strong>\u00a0Hip-Hop \/ Rap US \/\u00a0East Coast \/ Hardcore<\/p>\n","protected":false},"featured_media":98607,"comment_status":"open","ping_status":"closed","template":"","meta":{"om_disable_all_campaigns":false,"_monsterinsights_skip_tracking":false,"_monsterinsights_sitenote_active":false,"_monsterinsights_sitenote_note":"","_monsterinsights_sitenote_category":0},"product_brand":[],"product_cat":[6174,6171],"product_tag":[8022,7266,5337,5339,5871,5325,5476,5326,7693,5968,5868],"class_list":{"0":"post-98606","1":"product","2":"type-product","3":"status-publish","4":"has-post-thumbnail","6":"product_cat-east-coast","7":"product_cat-golden-age","8":"product_tag-box","9":"product_tag-collector","10":"product_tag-east-coast","11":"product_tag-golden-age","12":"product_tag-hardcore","13":"product_tag-hip-hop","14":"product_tag-ol-dirty-bastard","15":"product_tag-rap-us","16":"product_tag-reedition","17":"product_tag-return-to-the-36-chambers-the-dirty-version","18":"product_tag-wu-tang-clan","19":"product_shipping_class-4-lp","21":"first","22":"outofstock","23":"taxable","24":"shipping-taxable","25":"purchasable","26":"product-type-simple"},"aioseo_notices":[],"_links":{"self":[{"href":"https:\/\/hiphop4life.fr\/shop\/wp-json\/wp\/v2\/product\/98606","targetHints":{"allow":["GET"]}}],"collection":[{"href":"https:\/\/hiphop4life.fr\/shop\/wp-json\/wp\/v2\/product"}],"about":[{"href":"https:\/\/hiphop4life.fr\/shop\/wp-json\/wp\/v2\/types\/product"}],"replies":[{"embeddable":true,"href":"https:\/\/hiphop4life.fr\/shop\/wp-json\/wp\/v2\/comments?post=98606"}],"wp:featuredmedia":[{"embeddable":true,"href":"https:\/\/hiphop4life.fr\/shop\/wp-json\/wp\/v2\/media\/98607"}],"wp:attachment":[{"href":"https:\/\/hiphop4life.fr\/shop\/wp-json\/wp\/v2\/media?parent=98606"}],"wp:term":[{"taxonomy":"product_brand","embeddable":true,"href":"https:\/\/hiphop4life.fr\/shop\/wp-json\/wp\/v2\/product_brand?post=98606"},{"taxonomy":"product_cat","embeddable":true,"href":"https:\/\/hiphop4life.fr\/shop\/wp-json\/wp\/v2\/product_cat?post=98606"},{"taxonomy":"product_tag","embeddable":true,"href":"https:\/\/hiphop4life.fr\/shop\/wp-json\/wp\/v2\/product_tag?post=98606"}],"curies":[{"name":"wp","href":"https:\/\/api.w.org\/{rel}","templated":true}]}}